{"id":7840,"date":"2025-07-22T15:24:47","date_gmt":"2025-07-22T13:24:47","guid":{"rendered":"https:\/\/zess.fr\/shop\/?post_type=product&#038;p=7840"},"modified":"2026-04-21T14:15:33","modified_gmt":"2026-04-21T12:15:33","slug":"patron-crochet-bourse-ohlala-pochon-coulissant","status":"publish","type":"product","link":"https:\/\/zess.fr\/shop\/product\/patron-crochet-bourse-ohlala-pochon-coulissant\/","title":{"rendered":"Patron crochet PDF &#8211; Bourse ohlala"},"content":{"rendered":"<h4><strong>Niveau de difficult\u00e9<\/strong><\/h4>\n<p>D\u00e9butant \u00e0 l&rsquo;aise avec les bases du crochet (cercle magique, maille serr\u00e9e, bride, demi bride, maille en l&rsquo;air, maille coul\u00e9e)<\/p>\n<h4>Ce que contient le patron PDF<\/h4>\n<ul>\n<li>10 pages d\u2019instructions \u00e9crites d\u00e9taill\u00e9es<\/li>\n<li>pr\u00e8s de 40 photos d&rsquo;\u00e9tapes<\/li>\n<li>Un projet sans couture, facile \u00e0 monter<\/li>\n<\/ul>\n<h4><strong data-start=\"639\" data-end=\"680\">Ce que vous allez apprendre et d\u00e9couvrir dans ce patron<\/strong> :<\/h4>\n<ul>\n<li data-start=\"685\" data-end=\"726\">Crocheter une bourse sans couture<\/li>\n<li data-start=\"685\" data-end=\"726\">Apprendre le point coquilles : aussi addictif que satisfaisant<\/li>\n<li data-start=\"685\" data-end=\"726\">R\u00e9aliser une fermeture invisible et un lien coulissant<\/li>\n<li>Une astuce pour dire adieu aux fils \u00e0 rentrer \u00e0 la fin de l&rsquo;ouvrage<\/li>\n<\/ul>\n<p data-start=\"1175\" data-end=\"1286\"><strong data-start=\"1178\" data-end=\"1200\">Dimensions finales avec un crochet 2,5<\/strong> : <span style=\"font-weight: 300;\">environ 10 cm x 8 cm (hauteur x largeur)<\/span><\/p>\n<p data-start=\"2159\" data-end=\"2182\"><strong data-start=\"2159\" data-end=\"2169\">Langues<\/strong> : Fran\u00e7ais, Anglais (terminologies US) et Espagnol<\/p>\n<p data-start=\"2185\" data-end=\"2225\">T\u00e9l\u00e9chargement imm\u00e9diat apr\u00e8s paiement.<\/p>\n<p data-start=\"2228\" data-end=\"2626\"><strong data-start=\"2228\" data-end=\"2259\">\u2757Usage strictement personnel<\/strong><br \/>\nCe patron est destin\u00e9 \u00e0 un usage personnel uniquement.<br data-start=\"354\" data-end=\"357\" \/>La vente des objets r\u00e9alis\u00e9s \u00e0 partir de ce mod\u00e8le <strong>n\u2019est pas autoris\u00e9e<\/strong> avec ce patron.<br \/>\nPour toute utilisation professionnelle ou commerciale, y compris vente occasionnelle ou ateliers, merci de me contacter. Des licences adapt\u00e9es sont propos\u00e9es.<\/p>\n<h4>Points importants<\/h4>\n<ul>\n<li>Cet achat est un fichier num\u00e9rique pour vous permettre de crocheter cette petite bourse au crochet. Il ne s\u2019agit pas du produit fini.<\/li>\n<li>Cet article num\u00e9rique est <strong>non remboursable et non \u00e9changeable<\/strong>.<\/li>\n<\/ul>\n<p>\u2753Si vous avez des questions, avant ou apr\u00e8s votre commande, contactez moi !<\/p>\n","protected":false},"excerpt":{"rendered":"<p><strong data-start=\"223\" data-end=\"294\">Un tutoriel crochet addictif pour cr\u00e9er une jolie bourse sans couture !<\/strong><\/p>\n<p>Ce PDF de 10 pages (illustr\u00e9 par pr\u00e8s de 40 photos) vous guide pas \u00e0 pas pour crocheter un petit pochon \u00e0 lien coulissant, parfait pour utiliser vos restes de fil.<br \/>\nUn projet pratique, rapide et sans couture, id\u00e9al pour offrir ou ranger vos petits tr\u00e9sors.<br \/>\nMais attention\u2026 ce point est tellement satisfaisant qu\u2019il risque de devenir addictif \ud83e\udee0<br \/>\nC\u2019est le projet id\u00e9al pour faire un petit cadeau ou juste se faire plaisir &#8230;et dire \u00ab\u00a0ohlala\u00a0\u00bb en voyant le r\u00e9sultat !<\/p>\n<p><img decoding=\"async\" class=\"emoji\" role=\"img\" draggable=\"false\" src=\"https:\/\/s.w.org\/images\/core\/emoji\/16.0.1\/svg\/1f4e5.svg\" alt=\"\ud83d\udce5\" \/>\u00a0T\u00e9l\u00e9chargement instantan\u00e9<br data-start=\"892\" data-end=\"895\" \/><img decoding=\"async\" class=\"emoji\" role=\"img\" draggable=\"false\" src=\"https:\/\/s.w.org\/images\/core\/emoji\/16.0.1\/svg\/1f30d.svg\" alt=\"\ud83c\udf0d\" \/> Langue : Fran\u00e7ais, Anglais et Espagnol<br data-start=\"937\" data-end=\"940\" \/>\u2b07\ufe0fPlus de d\u00e9tails dans l\u2019onglet Description<\/p>\n","protected":false},"featured_media":8143,"comment_status":"open","ping_status":"closed","template":"","meta":[],"product_brand":[],"product_cat":[289,293,62],"product_tag":[271,287],"class_list":{"0":"post-7840","1":"product","2":"type-product","3":"status-publish","4":"has-post-thumbnail","6":"product_cat-accessoires-pochons-crochet","7":"product_cat-tous-les-patrons-crochet-pdf","8":"product_cat-modeles-de-crochet","9":"product_tag-deco","10":"product_tag-new","12":"first","13":"instock","14":"downloadable","15":"virtual","16":"sold-individually","17":"purchasable","18":"product-type-simple"},"yoast_head":"<!-- This site is optimized with the Yoast SEO plugin v27.5 - https:\/\/yoast.com\/product\/yoast-seo-wordpress\/ -->\n<title>Patron PDF crochet \u2013 Bourse Ohlala sans couture<\/title>\n<meta name=\"description\" content=\"Crochetez une bourse sans couture avec ce PDF clair et illustr\u00e9. 10 pages, 40 photos. Id\u00e9al pour d\u00e9butant+. Mod\u00e8le rapide et addictif.\" \/>\n<meta name=\"robots\" content=\"index, follow, max-snippet:-1, max-image-preview:large, max-video-preview:-1\" \/>\n<link rel=\"canonical\" href=\"https:\/\/zess.fr\/shop\/product\/patron-crochet-bourse-ohlala-pochon-coulissant\/\" \/>\n<meta property=\"og:locale\" content=\"fr_FR\" \/>\n<meta property=\"og:type\" content=\"article\" \/>\n<meta property=\"og:title\" content=\"Patron PDF crochet \u2013 Bourse Ohlala sans couture\" \/>\n<meta property=\"og:description\" content=\"Crochetez une bourse sans couture avec ce PDF clair et illustr\u00e9. 10 pages, 40 photos. Id\u00e9al pour d\u00e9butant+. Mod\u00e8le rapide et addictif.\" \/>\n<meta property=\"og:url\" content=\"https:\/\/zess.fr\/shop\/product\/patron-crochet-bourse-ohlala-pochon-coulissant\/\" \/>\n<meta property=\"og:site_name\" content=\"Zess Crochet\" \/>\n<meta property=\"article:modified_time\" content=\"2026-04-21T12:15:33+00:00\" \/>\n<meta property=\"og:image\" content=\"https:\/\/zess.fr\/shop\/wp-content\/uploads\/2025\/07\/tuto-bourse-crochet.jpg\" \/>\n\t<meta property=\"og:image:width\" content=\"1080\" \/>\n\t<meta property=\"og:image:height\" content=\"1350\" \/>\n\t<meta property=\"og:image:type\" content=\"image\/jpeg\" \/>\n<meta name=\"twitter:card\" content=\"summary_large_image\" \/>\n<meta name=\"twitter:label1\" content=\"Dur\u00e9e de lecture estim\u00e9e\" \/>\n\t<meta name=\"twitter:data1\" content=\"2 minutes\" \/>\n<script type=\"application\/ld+json\" class=\"yoast-schema-graph\">{\"@context\":\"https:\\\/\\\/schema.org\",\"@graph\":[{\"@type\":\"WebPage\",\"@id\":\"https:\\\/\\\/zess.fr\\\/shop\\\/product\\\/patron-crochet-bourse-ohlala-pochon-coulissant\\\/\",\"url\":\"https:\\\/\\\/zess.fr\\\/shop\\\/product\\\/patron-crochet-bourse-ohlala-pochon-coulissant\\\/\",\"name\":\"Patron PDF crochet \u2013 Bourse Ohlala sans couture\",\"isPartOf\":{\"@id\":\"https:\\\/\\\/zess.fr\\\/shop\\\/#website\"},\"primaryImageOfPage\":{\"@id\":\"https:\\\/\\\/zess.fr\\\/shop\\\/product\\\/patron-crochet-bourse-ohlala-pochon-coulissant\\\/#primaryimage\"},\"image\":{\"@id\":\"https:\\\/\\\/zess.fr\\\/shop\\\/product\\\/patron-crochet-bourse-ohlala-pochon-coulissant\\\/#primaryimage\"},\"thumbnailUrl\":\"https:\\\/\\\/zess.fr\\\/shop\\\/wp-content\\\/uploads\\\/2025\\\/07\\\/tuto-bourse-crochet.jpg\",\"datePublished\":\"2025-07-22T13:24:47+00:00\",\"dateModified\":\"2026-04-21T12:15:33+00:00\",\"description\":\"Crochetez une bourse sans couture avec ce PDF clair et illustr\u00e9. 10 pages, 40 photos. Id\u00e9al pour d\u00e9butant+. Mod\u00e8le rapide et addictif.\",\"breadcrumb\":{\"@id\":\"https:\\\/\\\/zess.fr\\\/shop\\\/product\\\/patron-crochet-bourse-ohlala-pochon-coulissant\\\/#breadcrumb\"},\"inLanguage\":\"fr-FR\",\"potentialAction\":[{\"@type\":\"ReadAction\",\"target\":[\"https:\\\/\\\/zess.fr\\\/shop\\\/product\\\/patron-crochet-bourse-ohlala-pochon-coulissant\\\/\"]}]},{\"@type\":\"ImageObject\",\"inLanguage\":\"fr-FR\",\"@id\":\"https:\\\/\\\/zess.fr\\\/shop\\\/product\\\/patron-crochet-bourse-ohlala-pochon-coulissant\\\/#primaryimage\",\"url\":\"https:\\\/\\\/zess.fr\\\/shop\\\/wp-content\\\/uploads\\\/2025\\\/07\\\/tuto-bourse-crochet.jpg\",\"contentUrl\":\"https:\\\/\\\/zess.fr\\\/shop\\\/wp-content\\\/uploads\\\/2025\\\/07\\\/tuto-bourse-crochet.jpg\",\"width\":1080,\"height\":1350,\"caption\":\"tuto bourse crochet explications\"},{\"@type\":\"BreadcrumbList\",\"@id\":\"https:\\\/\\\/zess.fr\\\/shop\\\/product\\\/patron-crochet-bourse-ohlala-pochon-coulissant\\\/#breadcrumb\",\"itemListElement\":[{\"@type\":\"ListItem\",\"position\":1,\"name\":\"Zess Crochet Boutique &#8211; Tutoriels et kit crochet\",\"item\":\"https:\\\/\\\/zess.fr\\\/shop\\\/acceuil-2\\\/\"},{\"@type\":\"ListItem\",\"position\":2,\"name\":\"Tutoriels crochet\",\"item\":\"https:\\\/\\\/zess.fr\\\/shop\\\/product-category\\\/modeles-de-crochet\\\/\"},{\"@type\":\"ListItem\",\"position\":3,\"name\":\"Sacs, pochons &amp; accessoires\",\"item\":\"https:\\\/\\\/zess.fr\\\/shop\\\/product-category\\\/modeles-de-crochet\\\/accessoires-pochons-crochet\\\/\"},{\"@type\":\"ListItem\",\"position\":4,\"name\":\"Patron crochet PDF &#8211; Bourse ohlala\"}]},{\"@type\":\"WebSite\",\"@id\":\"https:\\\/\\\/zess.fr\\\/shop\\\/#website\",\"url\":\"https:\\\/\\\/zess.fr\\\/shop\\\/\",\"name\":\"Zess Crochet - Tutoriels au crochet amigurumi, poup\u00e9es et accessoires - patron num\u00e9rique PDF - livres de crochet\",\"description\":\"Tutoriels et kits crochet amigurumi et d\u00e9co\",\"potentialAction\":[{\"@type\":\"SearchAction\",\"target\":{\"@type\":\"EntryPoint\",\"urlTemplate\":\"https:\\\/\\\/zess.fr\\\/shop\\\/?s={search_term_string}\"},\"query-input\":{\"@type\":\"PropertyValueSpecification\",\"valueRequired\":true,\"valueName\":\"search_term_string\"}}],\"inLanguage\":\"fr-FR\"}]}<\/script>\n<!-- \/ Yoast SEO plugin. -->","yoast_head_json":{"title":"Patron PDF crochet \u2013 Bourse Ohlala sans couture","description":"Crochetez une bourse sans couture avec ce PDF clair et illustr\u00e9. 10 pages, 40 photos. Id\u00e9al pour d\u00e9butant+. Mod\u00e8le rapide et addictif.","robots":{"index":"index","follow":"follow","max-snippet":"max-snippet:-1","max-image-preview":"max-image-preview:large","max-video-preview":"max-video-preview:-1"},"canonical":"https:\/\/zess.fr\/shop\/product\/patron-crochet-bourse-ohlala-pochon-coulissant\/","og_locale":"fr_FR","og_type":"article","og_title":"Patron PDF crochet \u2013 Bourse Ohlala sans couture","og_description":"Crochetez une bourse sans couture avec ce PDF clair et illustr\u00e9. 10 pages, 40 photos. Id\u00e9al pour d\u00e9butant+. Mod\u00e8le rapide et addictif.","og_url":"https:\/\/zess.fr\/shop\/product\/patron-crochet-bourse-ohlala-pochon-coulissant\/","og_site_name":"Zess Crochet","article_modified_time":"2026-04-21T12:15:33+00:00","og_image":[{"width":1080,"height":1350,"url":"https:\/\/zess.fr\/shop\/wp-content\/uploads\/2025\/07\/tuto-bourse-crochet.jpg","type":"image\/jpeg"}],"twitter_card":"summary_large_image","twitter_misc":{"Dur\u00e9e de lecture estim\u00e9e":"2 minutes"},"schema":{"@context":"https:\/\/schema.org","@graph":[{"@type":"WebPage","@id":"https:\/\/zess.fr\/shop\/product\/patron-crochet-bourse-ohlala-pochon-coulissant\/","url":"https:\/\/zess.fr\/shop\/product\/patron-crochet-bourse-ohlala-pochon-coulissant\/","name":"Patron PDF crochet \u2013 Bourse Ohlala sans couture","isPartOf":{"@id":"https:\/\/zess.fr\/shop\/#website"},"primaryImageOfPage":{"@id":"https:\/\/zess.fr\/shop\/product\/patron-crochet-bourse-ohlala-pochon-coulissant\/#primaryimage"},"image":{"@id":"https:\/\/zess.fr\/shop\/product\/patron-crochet-bourse-ohlala-pochon-coulissant\/#primaryimage"},"thumbnailUrl":"https:\/\/zess.fr\/shop\/wp-content\/uploads\/2025\/07\/tuto-bourse-crochet.jpg","datePublished":"2025-07-22T13:24:47+00:00","dateModified":"2026-04-21T12:15:33+00:00","description":"Crochetez une bourse sans couture avec ce PDF clair et illustr\u00e9. 10 pages, 40 photos. Id\u00e9al pour d\u00e9butant+. Mod\u00e8le rapide et addictif.","breadcrumb":{"@id":"https:\/\/zess.fr\/shop\/product\/patron-crochet-bourse-ohlala-pochon-coulissant\/#breadcrumb"},"inLanguage":"fr-FR","potentialAction":[{"@type":"ReadAction","target":["https:\/\/zess.fr\/shop\/product\/patron-crochet-bourse-ohlala-pochon-coulissant\/"]}]},{"@type":"ImageObject","inLanguage":"fr-FR","@id":"https:\/\/zess.fr\/shop\/product\/patron-crochet-bourse-ohlala-pochon-coulissant\/#primaryimage","url":"https:\/\/zess.fr\/shop\/wp-content\/uploads\/2025\/07\/tuto-bourse-crochet.jpg","contentUrl":"https:\/\/zess.fr\/shop\/wp-content\/uploads\/2025\/07\/tuto-bourse-crochet.jpg","width":1080,"height":1350,"caption":"tuto bourse crochet explications"},{"@type":"BreadcrumbList","@id":"https:\/\/zess.fr\/shop\/product\/patron-crochet-bourse-ohlala-pochon-coulissant\/#breadcrumb","itemListElement":[{"@type":"ListItem","position":1,"name":"Zess Crochet Boutique &#8211; Tutoriels et kit crochet","item":"https:\/\/zess.fr\/shop\/acceuil-2\/"},{"@type":"ListItem","position":2,"name":"Tutoriels crochet","item":"https:\/\/zess.fr\/shop\/product-category\/modeles-de-crochet\/"},{"@type":"ListItem","position":3,"name":"Sacs, pochons &amp; accessoires","item":"https:\/\/zess.fr\/shop\/product-category\/modeles-de-crochet\/accessoires-pochons-crochet\/"},{"@type":"ListItem","position":4,"name":"Patron crochet PDF &#8211; Bourse ohlala"}]},{"@type":"WebSite","@id":"https:\/\/zess.fr\/shop\/#website","url":"https:\/\/zess.fr\/shop\/","name":"Zess Crochet - Tutoriels au crochet amigurumi, poup\u00e9es et accessoires - patron num\u00e9rique PDF - livres de crochet","description":"Tutoriels et kits crochet amigurumi et d\u00e9co","potentialAction":[{"@type":"SearchAction","target":{"@type":"EntryPoint","urlTemplate":"https:\/\/zess.fr\/shop\/?s={search_term_string}"},"query-input":{"@type":"PropertyValueSpecification","valueRequired":true,"valueName":"search_term_string"}}],"inLanguage":"fr-FR"}]}},"_links":{"self":[{"href":"https:\/\/zess.fr\/shop\/wp-json\/wp\/v2\/product\/7840","targetHints":{"allow":["GET"]}}],"collection":[{"href":"https:\/\/zess.fr\/shop\/wp-json\/wp\/v2\/product"}],"about":[{"href":"https:\/\/zess.fr\/shop\/wp-json\/wp\/v2\/types\/product"}],"replies":[{"embeddable":true,"href":"https:\/\/zess.fr\/shop\/wp-json\/wp\/v2\/comments?post=7840"}],"version-history":[{"count":15,"href":"https:\/\/zess.fr\/shop\/wp-json\/wp\/v2\/product\/7840\/revisions"}],"predecessor-version":[{"id":7879,"href":"https:\/\/zess.fr\/shop\/wp-json\/wp\/v2\/product\/7840\/revisions\/7879"}],"wp:featuredmedia":[{"embeddable":true,"href":"https:\/\/zess.fr\/shop\/wp-json\/wp\/v2\/media\/8143"}],"wp:attachment":[{"href":"https:\/\/zess.fr\/shop\/wp-json\/wp\/v2\/media?parent=7840"}],"wp:term":[{"taxonomy":"product_brand","embeddable":true,"href":"https:\/\/zess.fr\/shop\/wp-json\/wp\/v2\/product_brand?post=7840"},{"taxonomy":"product_cat","embeddable":true,"href":"https:\/\/zess.fr\/shop\/wp-json\/wp\/v2\/product_cat?post=7840"},{"taxonomy":"product_tag","embeddable":true,"href":"https:\/\/zess.fr\/shop\/wp-json\/wp\/v2\/product_tag?post=7840"}],"curies":[{"name":"wp","href":"https:\/\/api.w.org\/{rel}","templated":true}]}}