{"id":7676,"date":"2025-06-23T11:32:00","date_gmt":"2025-06-23T09:32:00","guid":{"rendered":"https:\/\/zess.fr\/shop\/?post_type=product&#038;p=7676"},"modified":"2026-01-14T19:07:41","modified_gmt":"2026-01-14T18:07:41","slug":"patron-crochet-housse-boite-mouchoirs-granny-carree","status":"publish","type":"product","link":"https:\/\/zess.fr\/shop\/product\/patron-crochet-housse-boite-mouchoirs-granny-carree\/","title":{"rendered":"Patron crochet PDF &#8211; Housse granny pour bo\u00eete \u00e0 mouchoirs carr\u00e9e"},"content":{"rendered":"<h4><strong>Niveau de difficult\u00e9<\/strong><\/h4>\n<p>D\u00e9butant \u00e0 l&rsquo;aise avec les bases du crochet (cercle magique, bride, maille en l&rsquo;air, maille coul\u00e9e)<\/p>\n<h4><strong>Caract\u00e9ristiques du tutoriel crochet<\/strong><\/h4>\n<h4>Fournitures n\u00e9cessaires<\/h4>\n<ul>\n<li>Bo\u00eete \u00e0 mouchoirs carr\u00e9e (<span style=\"font-weight: 300;\">env. 12 x 12 cm)<\/span>.<\/li>\n<li>Crochet 3 mm<\/li>\n<li>Fils de coton en 8 coloris (j\u2019ai utilis\u00e9 le fil DMC happy cotton, mais vous pouvez aussi opter pour un fil \u00e9quivalent comme Catona (Scheepjes), Phil Coton 3 (Phildar), Coral (Durable) ou Must-Have (Yarn &amp; Colors).<\/li>\n<\/ul>\n<h4><strong data-start=\"639\" data-end=\"680\">Ce que vous allez apprendre et d\u00e9couvrir dans ce patron<\/strong> au crochet :<\/h4>\n<ul>\n<li data-start=\"685\" data-end=\"726\">Crocheter des carr\u00e9s et demi-carr\u00e9s granny<\/li>\n<li data-start=\"729\" data-end=\"785\">Assembler les pi\u00e8ces proprement sans couture<\/li>\n<li data-start=\"788\" data-end=\"828\">Choisir de terminer votre housse avec ou sans bordure festonn\u00e9e<\/li>\n<li data-start=\"788\" data-end=\"828\">D\u00e9couvrir la technique de la bride debout (plus jolie que les 3 mailles en l&rsquo;air en d\u00e9but de rang) + un QR code vers une vid\u00e9o Instagram pour la ma\u00eetriser (en compl\u00e9ment du patron)<\/li>\n<li>Une astuce pour dire adieu aux fils \u00e0 rentrer \u00e0 la fin de l&rsquo;ouvrage<\/li>\n<\/ul>\n<h4>Ce que contient le patron PDF<\/h4>\n<ul>\n<li>13 pages d\u2019instructions \u00e9crites d\u00e9taill\u00e9es<\/li>\n<li>+ de 40 photos d&rsquo;\u00e9tapes<\/li>\n<li>3 diagrammes pour vous aider \u00e0 visualiser chaque partie<\/li>\n<li>Les explications pour bloquer votre ouvrage<\/li>\n<li>Un projet sans couture, facile \u00e0 monter<\/li>\n<\/ul>\n<p data-start=\"1175\" data-end=\"1286\"><strong data-start=\"1178\" data-end=\"1200\">Dimensions finales<\/strong> : pour bo\u00eete env. 12 \u00d7 12 cm (la <strong>hauteur<\/strong> peut \u00eatre ajust\u00e9e \u00e0 votre mod\u00e8le de bo\u00eete).<\/p>\n<h4>Infos pratiques<\/h4>\n<p data-start=\"2159\" data-end=\"2182\"><strong data-start=\"2159\" data-end=\"2169\">Langues<\/strong> : Fran\u00e7ais, Anglais (terminologies US) et Espagnol<\/p>\n<p data-start=\"2185\" data-end=\"2225\">T\u00e9l\u00e9chargement imm\u00e9diat apr\u00e8s paiement.<\/p>\n<p data-start=\"2228\" data-end=\"2626\"><strong data-start=\"2228\" data-end=\"2259\">\u2757Usage strictement personnel<\/strong><br \/>\nCe patron est destin\u00e9 \u00e0 un usage personnel uniquement.<br data-start=\"354\" data-end=\"357\" \/>La vente des objets r\u00e9alis\u00e9s \u00e0 partir de ce mod\u00e8le <strong>n\u2019est pas autoris\u00e9e<\/strong> avec ce patron.<br \/>\nPour toute utilisation professionnelle ou commerciale, y compris vente occasionnelle ou ateliers, merci de me contacter. Des licences adapt\u00e9es sont propos\u00e9es.<\/p>\n<h4>Points importants<\/h4>\n<ul>\n<li>Cet achat est un fichier num\u00e9rique pour vous permettre de crocheter cette housse carr\u00e9e de boite \u00e0 mouchoirs au crochet. Il ne s\u2019agit pas du produit fini.<\/li>\n<li>Cet article num\u00e9rique est <strong>non remboursable et non \u00e9changeable<\/strong>.<\/li>\n<\/ul>\n<p>\u2753Si vous avez des questions, avant ou apr\u00e8s votre commande, contactez moi !<\/p>\n<p>Envie de commencer ce projet crochet unique ? T\u00e9l\u00e9chargez ce patron PDF et apportez une touche personnelle \u00e0 votre d\u00e9co d\u00e8s aujourd&rsquo;hui !<\/p>\n","protected":false},"excerpt":{"rendered":"<p data-start=\"271\" data-end=\"347\"><strong data-start=\"274\" data-end=\"347\">Une housse au crochet en granny squares pour vos bo\u00eetes \u00e0 mouchoirs !<\/strong><\/p>\n<p data-start=\"271\" data-end=\"347\">Ce patron crochet est un PDF de 13 pages. Il vous guide pas \u00e0 pas pour crocheter une housse color\u00e9e, pratique et personnalisable.<\/p>\n<p data-start=\"271\" data-end=\"347\">Apprenez \u00e0 crocheter des carr\u00e9s et demi-carr\u00e9s granny, \u00e0 les assembler sans couture, et \u00e0 choisir une finition avec ou sans bordure festonn\u00e9e selon vos go\u00fbts.\u00a0 Le patron vous explique aussi comment adapter facilement la hauteur \u00e0 votre propre bo\u00eete.<\/p>\n<p data-start=\"2472\" data-end=\"2563\">Un projet rapide, parfait pour recycler vos fins de pelotes et s\u2019amuser avec les couleurs !<\/p>\n<p data-start=\"625\" data-end=\"736\"><img decoding=\"async\" class=\"emoji\" role=\"img\" draggable=\"false\" src=\"https:\/\/s.w.org\/images\/core\/emoji\/16.0.1\/svg\/1f4e5.svg\" alt=\"\ud83d\udce5\" \/>\u00a0T\u00e9l\u00e9chargement instantan\u00e9<br data-start=\"892\" data-end=\"895\" \/><img decoding=\"async\" class=\"emoji\" role=\"img\" draggable=\"false\" src=\"https:\/\/s.w.org\/images\/core\/emoji\/16.0.1\/svg\/1f30d.svg\" alt=\"\ud83c\udf0d\" \/> Langues : fran\u00e7ais, anglais et espagnol<br data-start=\"937\" data-end=\"940\" \/>\u2b07\ufe0fPlus de d\u00e9tails dans l\u2019onglet Description<\/p>\n","protected":false},"featured_media":7982,"comment_status":"open","ping_status":"closed","template":"","meta":[],"product_brand":[],"product_cat":[288,260,292,293,62],"product_tag":[271],"class_list":{"0":"post-7676","1":"product","2":"type-product","3":"status-publish","4":"has-post-thumbnail","6":"product_cat-deco-au-crochet","7":"product_cat-english-patterns","8":"product_cat-granny-square","9":"product_cat-tous-les-patrons-crochet-pdf","10":"product_cat-modeles-de-crochet","11":"product_tag-deco","13":"first","14":"instock","15":"featured","16":"downloadable","17":"virtual","18":"sold-individually","19":"purchasable","20":"product-type-simple"},"yoast_head":"<!-- This site is optimized with the Yoast SEO plugin v27.3 - https:\/\/yoast.com\/product\/yoast-seo-wordpress\/ -->\n<title>Patron PDF crochet \u2013 Housse bo\u00eete \u00e0 mouchoirs granny<\/title>\n<meta name=\"description\" content=\"Cr\u00e9ez une housse granny en granny pour bo\u00eete \u00e0 mouchoirs avec ce tutoriel crochet d\u00e9taill\u00e9. T\u00e9l\u00e9chargez le tutoriel d\u00e9taill\u00e9 avec photos et diagrammes.\" \/>\n<meta name=\"robots\" content=\"index, follow, max-snippet:-1, max-image-preview:large, max-video-preview:-1\" \/>\n<link rel=\"canonical\" href=\"https:\/\/zess.fr\/shop\/product\/patron-crochet-housse-boite-mouchoirs-granny-carree\/\" \/>\n<meta property=\"og:locale\" content=\"fr_FR\" \/>\n<meta property=\"og:type\" content=\"article\" \/>\n<meta property=\"og:title\" content=\"Patron PDF crochet \u2013 Housse bo\u00eete \u00e0 mouchoirs granny\" \/>\n<meta property=\"og:description\" content=\"Cr\u00e9ez une housse granny en granny pour bo\u00eete \u00e0 mouchoirs avec ce tutoriel crochet d\u00e9taill\u00e9. T\u00e9l\u00e9chargez le tutoriel d\u00e9taill\u00e9 avec photos et diagrammes.\" \/>\n<meta property=\"og:url\" content=\"https:\/\/zess.fr\/shop\/product\/patron-crochet-housse-boite-mouchoirs-granny-carree\/\" \/>\n<meta property=\"og:site_name\" content=\"Zess Crochet\" \/>\n<meta property=\"article:modified_time\" content=\"2026-01-14T18:07:41+00:00\" \/>\n<meta property=\"og:image\" content=\"https:\/\/zess.fr\/shop\/wp-content\/uploads\/2025\/06\/patron-crochet-housse-boite-mouchoirs-granny-carree.jpg\" \/>\n\t<meta property=\"og:image:width\" content=\"1080\" \/>\n\t<meta property=\"og:image:height\" content=\"1350\" \/>\n\t<meta property=\"og:image:type\" content=\"image\/jpeg\" \/>\n<meta name=\"twitter:card\" content=\"summary_large_image\" \/>\n<meta name=\"twitter:label1\" content=\"Dur\u00e9e de lecture estim\u00e9e\" \/>\n\t<meta name=\"twitter:data1\" content=\"3 minutes\" \/>\n<script type=\"application\/ld+json\" class=\"yoast-schema-graph\">{\"@context\":\"https:\\\/\\\/schema.org\",\"@graph\":[{\"@type\":\"WebPage\",\"@id\":\"https:\\\/\\\/zess.fr\\\/shop\\\/product\\\/patron-crochet-housse-boite-mouchoirs-granny-carree\\\/\",\"url\":\"https:\\\/\\\/zess.fr\\\/shop\\\/product\\\/patron-crochet-housse-boite-mouchoirs-granny-carree\\\/\",\"name\":\"Patron PDF crochet \u2013 Housse bo\u00eete \u00e0 mouchoirs granny\",\"isPartOf\":{\"@id\":\"https:\\\/\\\/zess.fr\\\/shop\\\/#website\"},\"primaryImageOfPage\":{\"@id\":\"https:\\\/\\\/zess.fr\\\/shop\\\/product\\\/patron-crochet-housse-boite-mouchoirs-granny-carree\\\/#primaryimage\"},\"image\":{\"@id\":\"https:\\\/\\\/zess.fr\\\/shop\\\/product\\\/patron-crochet-housse-boite-mouchoirs-granny-carree\\\/#primaryimage\"},\"thumbnailUrl\":\"https:\\\/\\\/zess.fr\\\/shop\\\/wp-content\\\/uploads\\\/2025\\\/06\\\/patron-crochet-housse-boite-mouchoirs-granny-carree.jpg\",\"datePublished\":\"2025-06-23T09:32:00+00:00\",\"dateModified\":\"2026-01-14T18:07:41+00:00\",\"description\":\"Cr\u00e9ez une housse granny en granny pour bo\u00eete \u00e0 mouchoirs avec ce tutoriel crochet d\u00e9taill\u00e9. T\u00e9l\u00e9chargez le tutoriel d\u00e9taill\u00e9 avec photos et diagrammes.\",\"breadcrumb\":{\"@id\":\"https:\\\/\\\/zess.fr\\\/shop\\\/product\\\/patron-crochet-housse-boite-mouchoirs-granny-carree\\\/#breadcrumb\"},\"inLanguage\":\"fr-FR\",\"potentialAction\":[{\"@type\":\"ReadAction\",\"target\":[\"https:\\\/\\\/zess.fr\\\/shop\\\/product\\\/patron-crochet-housse-boite-mouchoirs-granny-carree\\\/\"]}]},{\"@type\":\"ImageObject\",\"inLanguage\":\"fr-FR\",\"@id\":\"https:\\\/\\\/zess.fr\\\/shop\\\/product\\\/patron-crochet-housse-boite-mouchoirs-granny-carree\\\/#primaryimage\",\"url\":\"https:\\\/\\\/zess.fr\\\/shop\\\/wp-content\\\/uploads\\\/2025\\\/06\\\/patron-crochet-housse-boite-mouchoirs-granny-carree.jpg\",\"contentUrl\":\"https:\\\/\\\/zess.fr\\\/shop\\\/wp-content\\\/uploads\\\/2025\\\/06\\\/patron-crochet-housse-boite-mouchoirs-granny-carree.jpg\",\"width\":1080,\"height\":1350,\"caption\":\"Patron PDF crochet \u2013 Housse bo\u00eete \u00e0 mouchoirs granny\"},{\"@type\":\"BreadcrumbList\",\"@id\":\"https:\\\/\\\/zess.fr\\\/shop\\\/product\\\/patron-crochet-housse-boite-mouchoirs-granny-carree\\\/#breadcrumb\",\"itemListElement\":[{\"@type\":\"ListItem\",\"position\":1,\"name\":\"Zess Crochet Boutique &#8211; Tutoriels et kit crochet\",\"item\":\"https:\\\/\\\/zess.fr\\\/shop\\\/acceuil-2\\\/\"},{\"@type\":\"ListItem\",\"position\":2,\"name\":\"Tutoriels crochet\",\"item\":\"https:\\\/\\\/zess.fr\\\/shop\\\/product-category\\\/modeles-de-crochet\\\/\"},{\"@type\":\"ListItem\",\"position\":3,\"name\":\"Patron crochet PDF &#8211; Housse granny pour bo\u00eete \u00e0 mouchoirs carr\u00e9e\"}]},{\"@type\":\"WebSite\",\"@id\":\"https:\\\/\\\/zess.fr\\\/shop\\\/#website\",\"url\":\"https:\\\/\\\/zess.fr\\\/shop\\\/\",\"name\":\"Zess Crochet - Tutoriels au crochet amigurumi, poup\u00e9es et accessoires - patron num\u00e9rique PDF - livres de crochet\",\"description\":\"Tutoriels et kits crochet amigurumi et d\u00e9co\",\"potentialAction\":[{\"@type\":\"SearchAction\",\"target\":{\"@type\":\"EntryPoint\",\"urlTemplate\":\"https:\\\/\\\/zess.fr\\\/shop\\\/?s={search_term_string}\"},\"query-input\":{\"@type\":\"PropertyValueSpecification\",\"valueRequired\":true,\"valueName\":\"search_term_string\"}}],\"inLanguage\":\"fr-FR\"}]}<\/script>\n<!-- \/ Yoast SEO plugin. -->","yoast_head_json":{"title":"Patron PDF crochet \u2013 Housse bo\u00eete \u00e0 mouchoirs granny","description":"Cr\u00e9ez une housse granny en granny pour bo\u00eete \u00e0 mouchoirs avec ce tutoriel crochet d\u00e9taill\u00e9. T\u00e9l\u00e9chargez le tutoriel d\u00e9taill\u00e9 avec photos et diagrammes.","robots":{"index":"index","follow":"follow","max-snippet":"max-snippet:-1","max-image-preview":"max-image-preview:large","max-video-preview":"max-video-preview:-1"},"canonical":"https:\/\/zess.fr\/shop\/product\/patron-crochet-housse-boite-mouchoirs-granny-carree\/","og_locale":"fr_FR","og_type":"article","og_title":"Patron PDF crochet \u2013 Housse bo\u00eete \u00e0 mouchoirs granny","og_description":"Cr\u00e9ez une housse granny en granny pour bo\u00eete \u00e0 mouchoirs avec ce tutoriel crochet d\u00e9taill\u00e9. T\u00e9l\u00e9chargez le tutoriel d\u00e9taill\u00e9 avec photos et diagrammes.","og_url":"https:\/\/zess.fr\/shop\/product\/patron-crochet-housse-boite-mouchoirs-granny-carree\/","og_site_name":"Zess Crochet","article_modified_time":"2026-01-14T18:07:41+00:00","og_image":[{"width":1080,"height":1350,"url":"https:\/\/zess.fr\/shop\/wp-content\/uploads\/2025\/06\/patron-crochet-housse-boite-mouchoirs-granny-carree.jpg","type":"image\/jpeg"}],"twitter_card":"summary_large_image","twitter_misc":{"Dur\u00e9e de lecture estim\u00e9e":"3 minutes"},"schema":{"@context":"https:\/\/schema.org","@graph":[{"@type":"WebPage","@id":"https:\/\/zess.fr\/shop\/product\/patron-crochet-housse-boite-mouchoirs-granny-carree\/","url":"https:\/\/zess.fr\/shop\/product\/patron-crochet-housse-boite-mouchoirs-granny-carree\/","name":"Patron PDF crochet \u2013 Housse bo\u00eete \u00e0 mouchoirs granny","isPartOf":{"@id":"https:\/\/zess.fr\/shop\/#website"},"primaryImageOfPage":{"@id":"https:\/\/zess.fr\/shop\/product\/patron-crochet-housse-boite-mouchoirs-granny-carree\/#primaryimage"},"image":{"@id":"https:\/\/zess.fr\/shop\/product\/patron-crochet-housse-boite-mouchoirs-granny-carree\/#primaryimage"},"thumbnailUrl":"https:\/\/zess.fr\/shop\/wp-content\/uploads\/2025\/06\/patron-crochet-housse-boite-mouchoirs-granny-carree.jpg","datePublished":"2025-06-23T09:32:00+00:00","dateModified":"2026-01-14T18:07:41+00:00","description":"Cr\u00e9ez une housse granny en granny pour bo\u00eete \u00e0 mouchoirs avec ce tutoriel crochet d\u00e9taill\u00e9. T\u00e9l\u00e9chargez le tutoriel d\u00e9taill\u00e9 avec photos et diagrammes.","breadcrumb":{"@id":"https:\/\/zess.fr\/shop\/product\/patron-crochet-housse-boite-mouchoirs-granny-carree\/#breadcrumb"},"inLanguage":"fr-FR","potentialAction":[{"@type":"ReadAction","target":["https:\/\/zess.fr\/shop\/product\/patron-crochet-housse-boite-mouchoirs-granny-carree\/"]}]},{"@type":"ImageObject","inLanguage":"fr-FR","@id":"https:\/\/zess.fr\/shop\/product\/patron-crochet-housse-boite-mouchoirs-granny-carree\/#primaryimage","url":"https:\/\/zess.fr\/shop\/wp-content\/uploads\/2025\/06\/patron-crochet-housse-boite-mouchoirs-granny-carree.jpg","contentUrl":"https:\/\/zess.fr\/shop\/wp-content\/uploads\/2025\/06\/patron-crochet-housse-boite-mouchoirs-granny-carree.jpg","width":1080,"height":1350,"caption":"Patron PDF crochet \u2013 Housse bo\u00eete \u00e0 mouchoirs granny"},{"@type":"BreadcrumbList","@id":"https:\/\/zess.fr\/shop\/product\/patron-crochet-housse-boite-mouchoirs-granny-carree\/#breadcrumb","itemListElement":[{"@type":"ListItem","position":1,"name":"Zess Crochet Boutique &#8211; Tutoriels et kit crochet","item":"https:\/\/zess.fr\/shop\/acceuil-2\/"},{"@type":"ListItem","position":2,"name":"Tutoriels crochet","item":"https:\/\/zess.fr\/shop\/product-category\/modeles-de-crochet\/"},{"@type":"ListItem","position":3,"name":"Patron crochet PDF &#8211; Housse granny pour bo\u00eete \u00e0 mouchoirs carr\u00e9e"}]},{"@type":"WebSite","@id":"https:\/\/zess.fr\/shop\/#website","url":"https:\/\/zess.fr\/shop\/","name":"Zess Crochet - Tutoriels au crochet amigurumi, poup\u00e9es et accessoires - patron num\u00e9rique PDF - livres de crochet","description":"Tutoriels et kits crochet amigurumi et d\u00e9co","potentialAction":[{"@type":"SearchAction","target":{"@type":"EntryPoint","urlTemplate":"https:\/\/zess.fr\/shop\/?s={search_term_string}"},"query-input":{"@type":"PropertyValueSpecification","valueRequired":true,"valueName":"search_term_string"}}],"inLanguage":"fr-FR"}]}},"_links":{"self":[{"href":"https:\/\/zess.fr\/shop\/wp-json\/wp\/v2\/product\/7676","targetHints":{"allow":["GET"]}}],"collection":[{"href":"https:\/\/zess.fr\/shop\/wp-json\/wp\/v2\/product"}],"about":[{"href":"https:\/\/zess.fr\/shop\/wp-json\/wp\/v2\/types\/product"}],"replies":[{"embeddable":true,"href":"https:\/\/zess.fr\/shop\/wp-json\/wp\/v2\/comments?post=7676"}],"version-history":[{"count":18,"href":"https:\/\/zess.fr\/shop\/wp-json\/wp\/v2\/product\/7676\/revisions"}],"predecessor-version":[{"id":9645,"href":"https:\/\/zess.fr\/shop\/wp-json\/wp\/v2\/product\/7676\/revisions\/9645"}],"wp:featuredmedia":[{"embeddable":true,"href":"https:\/\/zess.fr\/shop\/wp-json\/wp\/v2\/media\/7982"}],"wp:attachment":[{"href":"https:\/\/zess.fr\/shop\/wp-json\/wp\/v2\/media?parent=7676"}],"wp:term":[{"taxonomy":"product_brand","embeddable":true,"href":"https:\/\/zess.fr\/shop\/wp-json\/wp\/v2\/product_brand?post=7676"},{"taxonomy":"product_cat","embeddable":true,"href":"https:\/\/zess.fr\/shop\/wp-json\/wp\/v2\/product_cat?post=7676"},{"taxonomy":"product_tag","embeddable":true,"href":"https:\/\/zess.fr\/shop\/wp-json\/wp\/v2\/product_tag?post=7676"}],"curies":[{"name":"wp","href":"https:\/\/api.w.org\/{rel}","templated":true}]}}