{"id":7246,"date":"2025-04-07T10:38:11","date_gmt":"2025-04-07T08:38:11","guid":{"rendered":"https:\/\/zess.fr\/shop\/?post_type=product&#038;p=7246"},"modified":"2026-03-17T10:34:27","modified_gmt":"2026-03-17T09:34:27","slug":"kit-crochet-coeur-aile-fleuri","status":"publish","type":"product","link":"https:\/\/zess.fr\/shop\/product\/kit-crochet-coeur-aile-fleuri\/","title":{"rendered":"Kit crochet c\u0153ur ail\u00e9 &#8211; 2 coloris au choix"},"content":{"rendered":"<p><strong>Un c\u0153ur au crochet comme un\u00a0bijou de mur plein de tendresse &#8230;<\/strong><br data-start=\"556\" data-end=\"559\" \/>Le kit contient tout le n\u00e9cessaire, ainsi qu\u2019un tutoriel PDF d\u00e9taill\u00e9 pour vous guider pas \u00e0 pas dans la r\u00e9alisation de ce c\u0153ur ail\u00e9 fleuri \u00e0 suspendre.<\/p>\n<h3><strong>Fournitures incluses dans votre kit crochet c\u0153ur ail\u00e9\u00a0<\/strong><\/h3>\n<ul>\n<li><span style=\"font-weight: 400;\"><span style=\"font-weight: 400;\">Un <strong>tutoriel crochet num\u00e9rique de 15 pages <\/strong>(format<strong> PDF <\/strong>en Fran\u00e7ais) illustr\u00e9 de 72 photos pas-\u00e0-pas\u00a0Le fichier sera disponible dans votre compte client, onglet T\u00e9l\u00e9chargements, le jour de l\u2019exp\u00e9dition de votre kit.<\/span><\/span><\/li>\n<li><strong>1 pelote de 50 gr (ou 2 pelotes de 25 gr)<\/strong> pour le c\u0153ur et les ailes : un <strong data-start=\"1354\" data-end=\"1377\">rouge rubis <\/strong>(Scheepjes Catona <strong data-start=\"1888\" data-end=\"1902\">517 ou 192<\/strong>) ou un <strong data-start=\"1430\" data-end=\"1455\">blanc \u00e9cru intemporel<\/strong> (Scheepjes Catona <strong data-start=\"1960\" data-end=\"1967\">105<\/strong>).<\/li>\n<li><strong>3 mini pelotes d&rsquo;1 gr<\/strong> de Scheepjes Catona pour les fleurs<\/li>\n<li><span style=\"font-weight: 300;\"><strong>Fil dor\u00e9<\/strong> pour r\u00e9aliser la broderie et l\u2019attache<\/span><\/li>\n<li><strong>Ouate de rembourrage<\/strong> en polyester<\/li>\n<li><strong>2 aiguilles <\/strong>: 1 aiguille \u00e0 tapisserie et 1 aiguille longue pour la broderie<\/li>\n<li><strong>1 marqueur de maille<\/strong> dor\u00e9<\/li>\n<li><strong>4 <\/strong>aiguilles \u00e0 t\u00eates<\/li>\n<\/ul>\n<h3><strong>Fournitures non incluses dans le kit\u00a0<\/strong><\/h3>\n<p>Pour compl\u00e9ter ce projet vous aurez besoin d&rsquo;un<span style=\"font-weight: 400;\">\u00a0<\/span><span style=\"font-weight: 400;\"><a href=\"https:\/\/zess.fr\/shop\/product\/crochet-ergonomique-25\/\" target=\"_blank\" rel=\"noopener\">crochet 2,5 mm<\/a><\/span><span style=\"font-weight: 400;\"> (disponible <\/span><span style=\"font-weight: 400;\"><a href=\"https:\/\/zess.fr\/shop\/product\/crochet-ergonomique-25\/\" target=\"_blank\" rel=\"noopener\">ici<\/a><\/span><span style=\"font-weight: 400;\">, vous pouvez l\u2019ajouter \u00e0 votre kit).<\/span><\/p>\n<h3><b>Niveau de difficult\u00e9 du kit crochet<\/b><\/h3>\n<p>Ce <strong>kit crochet<\/strong> convient aux <strong data-start=\"2281\" data-end=\"2302\">d\u00e9butants avanc\u00e9s<\/strong>.<\/p>\n<p>\ud83d\udc49 <strong>Pr\u00e9requis<\/strong> : Vous devez ma\u00eetriser les bases du crochet <span style=\"font-weight: 400;\"> (maille serr\u00e9e, maille coul\u00e9e, demi-bride, bride, cercle magique). <\/span>Ce kit <strong data-start=\"2447\" data-end=\"2497\">n\u2019inclut pas de le\u00e7ons de crochet ni de vid\u00e9os<\/strong>.<\/p>\n<p><span style=\"font-weight: 400;\"><strong>Dimensions finale du c\u0153ur<\/strong> : environ 25 cm de large (d\u2019une aile \u00e0 l\u2019autre) et 12 cm de haut.<\/span><\/p>\n<h3>Points importants<\/h3>\n<ul>\n<li>Ce produit est un <strong>kit crochet DIY<\/strong> pour r\u00e9aliser vous-m\u00eame un c\u0153ur fleuri.\u00a0 Il ne s\u2019agit pas du produit fini.<\/li>\n<li><strong data-start=\"2228\" data-end=\"2259\">\u2757Usage strictement personnel : <\/strong>Ce patron est destin\u00e9 \u00e0 un usage personnel uniquement.<br data-start=\"354\" data-end=\"357\" \/>La vente des objets r\u00e9alis\u00e9s \u00e0 partir de ce mod\u00e8le <strong>n\u2019est pas autoris\u00e9e<\/strong> avec ce patron.<br \/>\nPour toute utilisation professionnelle ou commerciale, y compris vente occasionnelle ou ateliers, merci de me contacter. Des licences adapt\u00e9es sont propos\u00e9es.<\/li>\n<li><span style=\"font-weight: 400;\">En raison de la nature num\u00e9rique du mod\u00e8le, ce produit<\/span> est <strong>non remboursable et non \u00e9changeable<\/strong>.<\/li>\n<\/ul>\n<h3>\ud83d\udc8c Une question ?<\/h3>\n<p>Contactez-moi avant ou apr\u00e8s votre commande, je vous r\u00e9pondrai avec plaisir !<\/p>\n","protected":false},"excerpt":{"rendered":"<p data-start=\"515\" data-end=\"779\">Ce <strong>kit crochet<\/strong> contient tout le n\u00e9cessaire pour r\u00e9aliser un c\u0153ur avec des ailes et des fleurs, \u00e0 suspendre comme un bijou de mur plein de douceur.<br data-start=\"661\" data-end=\"664\" \/>Objet d\u00e9co pour les uns, geste d\u2019amour pour les autres : \u00e0 accrocher chez soi ou \u00e0 offrir \u00e0 quelqu\u2019un qu\u2019on aime.<\/p>\n<p data-start=\"786\" data-end=\"1038\"><strong data-start=\"786\" data-end=\"811\">Deux coloris au choix<\/strong> : un <strong data-start=\"817\" data-end=\"840\">rouge rubis profond<\/strong> (Scheepjes Catona 517 ou 192) avec des fleurs aux tons chauds, ou un <strong data-start=\"928\" data-end=\"953\">blanc \u00e9cru intemporel<\/strong> (Scheepjes Catona 105) avec des fleurs aux nuances tendres.<\/p>\n<p data-start=\"1045\" data-end=\"1120\"><strong data-start=\"1045\" data-end=\"1062\">Niveau requis<\/strong> : d\u00e9butant \u00e0 l\u2019aise avec les points de base du crochet.<\/p>\n<p data-start=\"1127\" data-end=\"1203\">\ud83d\udc47 D\u00e9couvrez tous les d\u00e9tails du kit dans l\u2019onglet \u00ab\u00a0Description\u00a0\u00bb ci-dessous.<\/p>\n","protected":false},"featured_media":7478,"comment_status":"open","ping_status":"closed","template":"","meta":[],"product_brand":[],"product_cat":[288,263],"product_tag":[275,287],"class_list":{"0":"post-7246","1":"product","2":"type-product","3":"status-publish","4":"has-post-thumbnail","6":"product_cat-deco-au-crochet","7":"product_cat-kits-crochet","8":"product_tag-kit","9":"product_tag-new","10":"product_shipping_class-mondial-relay-en","12":"first","13":"instock","14":"featured","15":"sold-individually","16":"shipping-taxable","17":"purchasable","18":"product-type-variable"},"yoast_head":"<!-- This site is optimized with the Yoast SEO plugin v27.3 - https:\/\/yoast.com\/product\/yoast-seo-wordpress\/ -->\n<title>Kit crochet c\u0153ur ail\u00e9 - 2 coloris au choix - Zess Crochet<\/title>\n<meta name=\"description\" content=\"Crochetez un c\u0153ur ail\u00e9 personnalis\u00e9 gr\u00e2ce \u00e0 ce kit crochet complet en \u00e9dition limit\u00e9e. Pr\u00e9commandez le v\u00f4tre : choix du coloris du c\u0153ur + 2 harmonies de fleurs. Tutoriel PDF inclus.\" \/>\n<meta name=\"robots\" content=\"index, follow, max-snippet:-1, max-image-preview:large, max-video-preview:-1\" \/>\n<link rel=\"canonical\" href=\"https:\/\/zess.fr\/shop\/product\/kit-crochet-coeur-aile-fleuri\/\" \/>\n<meta property=\"og:locale\" content=\"fr_FR\" \/>\n<meta property=\"og:type\" content=\"article\" \/>\n<meta property=\"og:title\" content=\"Kit crochet c\u0153ur ail\u00e9 - 2 coloris au choix - Zess Crochet\" \/>\n<meta property=\"og:description\" content=\"Crochetez un c\u0153ur ail\u00e9 personnalis\u00e9 gr\u00e2ce \u00e0 ce kit crochet complet en \u00e9dition limit\u00e9e. Pr\u00e9commandez le v\u00f4tre : choix du coloris du c\u0153ur + 2 harmonies de fleurs. Tutoriel PDF inclus.\" \/>\n<meta property=\"og:url\" content=\"https:\/\/zess.fr\/shop\/product\/kit-crochet-coeur-aile-fleuri\/\" \/>\n<meta property=\"og:site_name\" content=\"Zess Crochet\" \/>\n<meta property=\"article:modified_time\" content=\"2026-03-17T09:34:27+00:00\" \/>\n<meta property=\"og:image\" content=\"https:\/\/zess.fr\/shop\/wp-content\/uploads\/2025\/04\/Kit-crochet-coeur-ex-voto-8.jpg\" \/>\n\t<meta property=\"og:image:width\" content=\"1080\" \/>\n\t<meta property=\"og:image:height\" content=\"1350\" \/>\n\t<meta property=\"og:image:type\" content=\"image\/jpeg\" \/>\n<meta name=\"twitter:card\" content=\"summary_large_image\" \/>\n<meta name=\"twitter:label1\" content=\"Dur\u00e9e de lecture estim\u00e9e\" \/>\n\t<meta name=\"twitter:data1\" content=\"2 minutes\" \/>\n<script type=\"application\/ld+json\" class=\"yoast-schema-graph\">{\"@context\":\"https:\\\/\\\/schema.org\",\"@graph\":[{\"@type\":\"WebPage\",\"@id\":\"https:\\\/\\\/zess.fr\\\/shop\\\/product\\\/kit-crochet-coeur-aile-fleuri\\\/\",\"url\":\"https:\\\/\\\/zess.fr\\\/shop\\\/product\\\/kit-crochet-coeur-aile-fleuri\\\/\",\"name\":\"Kit crochet c\u0153ur ail\u00e9 - 2 coloris au choix - Zess Crochet\",\"isPartOf\":{\"@id\":\"https:\\\/\\\/zess.fr\\\/shop\\\/#website\"},\"primaryImageOfPage\":{\"@id\":\"https:\\\/\\\/zess.fr\\\/shop\\\/product\\\/kit-crochet-coeur-aile-fleuri\\\/#primaryimage\"},\"image\":{\"@id\":\"https:\\\/\\\/zess.fr\\\/shop\\\/product\\\/kit-crochet-coeur-aile-fleuri\\\/#primaryimage\"},\"thumbnailUrl\":\"https:\\\/\\\/zess.fr\\\/shop\\\/wp-content\\\/uploads\\\/2025\\\/04\\\/Kit-crochet-coeur-ex-voto-8.jpg\",\"datePublished\":\"2025-04-07T08:38:11+00:00\",\"dateModified\":\"2026-03-17T09:34:27+00:00\",\"description\":\"Crochetez un c\u0153ur ail\u00e9 personnalis\u00e9 gr\u00e2ce \u00e0 ce kit crochet complet en \u00e9dition limit\u00e9e. Pr\u00e9commandez le v\u00f4tre : choix du coloris du c\u0153ur + 2 harmonies de fleurs. Tutoriel PDF inclus.\",\"breadcrumb\":{\"@id\":\"https:\\\/\\\/zess.fr\\\/shop\\\/product\\\/kit-crochet-coeur-aile-fleuri\\\/#breadcrumb\"},\"inLanguage\":\"fr-FR\",\"potentialAction\":[{\"@type\":\"ReadAction\",\"target\":[\"https:\\\/\\\/zess.fr\\\/shop\\\/product\\\/kit-crochet-coeur-aile-fleuri\\\/\"]}]},{\"@type\":\"ImageObject\",\"inLanguage\":\"fr-FR\",\"@id\":\"https:\\\/\\\/zess.fr\\\/shop\\\/product\\\/kit-crochet-coeur-aile-fleuri\\\/#primaryimage\",\"url\":\"https:\\\/\\\/zess.fr\\\/shop\\\/wp-content\\\/uploads\\\/2025\\\/04\\\/Kit-crochet-coeur-ex-voto-8.jpg\",\"contentUrl\":\"https:\\\/\\\/zess.fr\\\/shop\\\/wp-content\\\/uploads\\\/2025\\\/04\\\/Kit-crochet-coeur-ex-voto-8.jpg\",\"width\":1080,\"height\":1350,\"caption\":\"kit crochet coeur ailes fleurs\"},{\"@type\":\"BreadcrumbList\",\"@id\":\"https:\\\/\\\/zess.fr\\\/shop\\\/product\\\/kit-crochet-coeur-aile-fleuri\\\/#breadcrumb\",\"itemListElement\":[{\"@type\":\"ListItem\",\"position\":1,\"name\":\"Zess Crochet Boutique &#8211; Tutoriels et kit crochet\",\"item\":\"https:\\\/\\\/zess.fr\\\/shop\\\/acceuil-2\\\/\"},{\"@type\":\"ListItem\",\"position\":2,\"name\":\"Kits crochet\",\"item\":\"https:\\\/\\\/zess.fr\\\/shop\\\/product-category\\\/kits-crochet\\\/\"},{\"@type\":\"ListItem\",\"position\":3,\"name\":\"Kit crochet c\u0153ur ail\u00e9 &#8211; 2 coloris au choix\"}]},{\"@type\":\"WebSite\",\"@id\":\"https:\\\/\\\/zess.fr\\\/shop\\\/#website\",\"url\":\"https:\\\/\\\/zess.fr\\\/shop\\\/\",\"name\":\"Zess Crochet - Tutoriels au crochet amigurumi, poup\u00e9es et accessoires - patron num\u00e9rique PDF - livres de crochet\",\"description\":\"Tutoriels et kits crochet amigurumi et d\u00e9co\",\"potentialAction\":[{\"@type\":\"SearchAction\",\"target\":{\"@type\":\"EntryPoint\",\"urlTemplate\":\"https:\\\/\\\/zess.fr\\\/shop\\\/?s={search_term_string}\"},\"query-input\":{\"@type\":\"PropertyValueSpecification\",\"valueRequired\":true,\"valueName\":\"search_term_string\"}}],\"inLanguage\":\"fr-FR\"}]}<\/script>\n<!-- \/ Yoast SEO plugin. -->","yoast_head_json":{"title":"Kit crochet c\u0153ur ail\u00e9 - 2 coloris au choix - Zess Crochet","description":"Crochetez un c\u0153ur ail\u00e9 personnalis\u00e9 gr\u00e2ce \u00e0 ce kit crochet complet en \u00e9dition limit\u00e9e. Pr\u00e9commandez le v\u00f4tre : choix du coloris du c\u0153ur + 2 harmonies de fleurs. Tutoriel PDF inclus.","robots":{"index":"index","follow":"follow","max-snippet":"max-snippet:-1","max-image-preview":"max-image-preview:large","max-video-preview":"max-video-preview:-1"},"canonical":"https:\/\/zess.fr\/shop\/product\/kit-crochet-coeur-aile-fleuri\/","og_locale":"fr_FR","og_type":"article","og_title":"Kit crochet c\u0153ur ail\u00e9 - 2 coloris au choix - Zess Crochet","og_description":"Crochetez un c\u0153ur ail\u00e9 personnalis\u00e9 gr\u00e2ce \u00e0 ce kit crochet complet en \u00e9dition limit\u00e9e. Pr\u00e9commandez le v\u00f4tre : choix du coloris du c\u0153ur + 2 harmonies de fleurs. Tutoriel PDF inclus.","og_url":"https:\/\/zess.fr\/shop\/product\/kit-crochet-coeur-aile-fleuri\/","og_site_name":"Zess Crochet","article_modified_time":"2026-03-17T09:34:27+00:00","og_image":[{"width":1080,"height":1350,"url":"https:\/\/zess.fr\/shop\/wp-content\/uploads\/2025\/04\/Kit-crochet-coeur-ex-voto-8.jpg","type":"image\/jpeg"}],"twitter_card":"summary_large_image","twitter_misc":{"Dur\u00e9e de lecture estim\u00e9e":"2 minutes"},"schema":{"@context":"https:\/\/schema.org","@graph":[{"@type":"WebPage","@id":"https:\/\/zess.fr\/shop\/product\/kit-crochet-coeur-aile-fleuri\/","url":"https:\/\/zess.fr\/shop\/product\/kit-crochet-coeur-aile-fleuri\/","name":"Kit crochet c\u0153ur ail\u00e9 - 2 coloris au choix - Zess Crochet","isPartOf":{"@id":"https:\/\/zess.fr\/shop\/#website"},"primaryImageOfPage":{"@id":"https:\/\/zess.fr\/shop\/product\/kit-crochet-coeur-aile-fleuri\/#primaryimage"},"image":{"@id":"https:\/\/zess.fr\/shop\/product\/kit-crochet-coeur-aile-fleuri\/#primaryimage"},"thumbnailUrl":"https:\/\/zess.fr\/shop\/wp-content\/uploads\/2025\/04\/Kit-crochet-coeur-ex-voto-8.jpg","datePublished":"2025-04-07T08:38:11+00:00","dateModified":"2026-03-17T09:34:27+00:00","description":"Crochetez un c\u0153ur ail\u00e9 personnalis\u00e9 gr\u00e2ce \u00e0 ce kit crochet complet en \u00e9dition limit\u00e9e. Pr\u00e9commandez le v\u00f4tre : choix du coloris du c\u0153ur + 2 harmonies de fleurs. Tutoriel PDF inclus.","breadcrumb":{"@id":"https:\/\/zess.fr\/shop\/product\/kit-crochet-coeur-aile-fleuri\/#breadcrumb"},"inLanguage":"fr-FR","potentialAction":[{"@type":"ReadAction","target":["https:\/\/zess.fr\/shop\/product\/kit-crochet-coeur-aile-fleuri\/"]}]},{"@type":"ImageObject","inLanguage":"fr-FR","@id":"https:\/\/zess.fr\/shop\/product\/kit-crochet-coeur-aile-fleuri\/#primaryimage","url":"https:\/\/zess.fr\/shop\/wp-content\/uploads\/2025\/04\/Kit-crochet-coeur-ex-voto-8.jpg","contentUrl":"https:\/\/zess.fr\/shop\/wp-content\/uploads\/2025\/04\/Kit-crochet-coeur-ex-voto-8.jpg","width":1080,"height":1350,"caption":"kit crochet coeur ailes fleurs"},{"@type":"BreadcrumbList","@id":"https:\/\/zess.fr\/shop\/product\/kit-crochet-coeur-aile-fleuri\/#breadcrumb","itemListElement":[{"@type":"ListItem","position":1,"name":"Zess Crochet Boutique &#8211; Tutoriels et kit crochet","item":"https:\/\/zess.fr\/shop\/acceuil-2\/"},{"@type":"ListItem","position":2,"name":"Kits crochet","item":"https:\/\/zess.fr\/shop\/product-category\/kits-crochet\/"},{"@type":"ListItem","position":3,"name":"Kit crochet c\u0153ur ail\u00e9 &#8211; 2 coloris au choix"}]},{"@type":"WebSite","@id":"https:\/\/zess.fr\/shop\/#website","url":"https:\/\/zess.fr\/shop\/","name":"Zess Crochet - Tutoriels au crochet amigurumi, poup\u00e9es et accessoires - patron num\u00e9rique PDF - livres de crochet","description":"Tutoriels et kits crochet amigurumi et d\u00e9co","potentialAction":[{"@type":"SearchAction","target":{"@type":"EntryPoint","urlTemplate":"https:\/\/zess.fr\/shop\/?s={search_term_string}"},"query-input":{"@type":"PropertyValueSpecification","valueRequired":true,"valueName":"search_term_string"}}],"inLanguage":"fr-FR"}]}},"_links":{"self":[{"href":"https:\/\/zess.fr\/shop\/wp-json\/wp\/v2\/product\/7246","targetHints":{"allow":["GET"]}}],"collection":[{"href":"https:\/\/zess.fr\/shop\/wp-json\/wp\/v2\/product"}],"about":[{"href":"https:\/\/zess.fr\/shop\/wp-json\/wp\/v2\/types\/product"}],"replies":[{"embeddable":true,"href":"https:\/\/zess.fr\/shop\/wp-json\/wp\/v2\/comments?post=7246"}],"version-history":[{"count":38,"href":"https:\/\/zess.fr\/shop\/wp-json\/wp\/v2\/product\/7246\/revisions"}],"predecessor-version":[{"id":7360,"href":"https:\/\/zess.fr\/shop\/wp-json\/wp\/v2\/product\/7246\/revisions\/7360"}],"wp:featuredmedia":[{"embeddable":true,"href":"https:\/\/zess.fr\/shop\/wp-json\/wp\/v2\/media\/7478"}],"wp:attachment":[{"href":"https:\/\/zess.fr\/shop\/wp-json\/wp\/v2\/media?parent=7246"}],"wp:term":[{"taxonomy":"product_brand","embeddable":true,"href":"https:\/\/zess.fr\/shop\/wp-json\/wp\/v2\/product_brand?post=7246"},{"taxonomy":"product_cat","embeddable":true,"href":"https:\/\/zess.fr\/shop\/wp-json\/wp\/v2\/product_cat?post=7246"},{"taxonomy":"product_tag","embeddable":true,"href":"https:\/\/zess.fr\/shop\/wp-json\/wp\/v2\/product_tag?post=7246"}],"curies":[{"name":"wp","href":"https:\/\/api.w.org\/{rel}","templated":true}]}}