{"id":4102,"date":"2023-09-01T15:57:09","date_gmt":"2023-09-01T13:57:09","guid":{"rendered":"https:\/\/zess.fr\/shop\/?post_type=product&#038;p=4102"},"modified":"2026-01-14T19:14:53","modified_gmt":"2026-01-14T18:14:53","slug":"tutoriel-pochon-carre-granny","status":"publish","type":"product","link":"https:\/\/zess.fr\/shop\/product\/tutoriel-pochon-carre-granny\/","title":{"rendered":"Patron crochet PDF &#8211; pochon granny square"},"content":{"rendered":"<p><strong>Niveau de difficult\u00e9 :<\/strong> d\u00e9butant \u00e0 l\u2019aise avec les bases du crochet (cercle magique, bride, maille serr\u00e9e, maille coul\u00e9e, &#8230;)<\/p>\n<p><strong>Ce que vous allez apprendre et d\u00e9couvrir dans ce patron :<\/strong><\/p>\n<ul>\n<li>Crocheter un granny square<\/li>\n<li>Assembler les carr\u00e9s au crochet pour former un pochon<\/li>\n<li>Une le\u00e7on pour apprendre \u00e0 faire la dc debout (plus jolie que les 3 ml du d\u00e9but)<\/li>\n<li>Z\u00e9ro couture (tout est crochet\u00e9 !)<\/li>\n<\/ul>\n<p><strong>Ce que contient le patron PDF :<\/strong><\/p>\n<ul>\n<li>8 pages d\u2019instructions \u00e9crites claires et d\u00e9taill\u00e9es<\/li>\n<li>26 photos d&rsquo;\u00e9tapes<\/li>\n<li>1 diagramme du carr\u00e9 granny pour visualiser facilement les \u00e9tapes<\/li>\n<li>Liste compl\u00e8te des fournitures n\u00e9cessaires<\/li>\n<li>Un pochon 100 % crochet, sans couture \u00e0 faire et facile \u00e0 monter<\/li>\n<\/ul>\n<p><strong data-start=\"1178\" data-end=\"1200\">Dimensions finales avec une taille de crochet 2,75<\/strong>\u00a0: <span style=\"font-weight: 300;\">environ 13 x 16 cm<\/span><\/p>\n<p><strong>Langues disponibles<\/strong> : Fran\u00e7ais + English (US terms)<\/p>\n<p>Votre patron PDF est disponible en t\u00e9l\u00e9chargement imm\u00e9diat apr\u00e8s paiement.<\/p>\n<p><strong data-start=\"2228\" data-end=\"2259\">\u2757Usage strictement personnel<\/strong><br \/>\nCe patron est destin\u00e9 \u00e0 un usage personnel uniquement.<br data-start=\"354\" data-end=\"357\" \/>La vente des objets r\u00e9alis\u00e9s \u00e0 partir de ce mod\u00e8le <strong>n\u2019est pas autoris\u00e9e<\/strong> avec ce patron.<br \/>\nPour toute utilisation professionnelle ou commerciale, y compris vente occasionnelle ou ateliers, merci de me contacter. Des licences adapt\u00e9es sont propos\u00e9es.<\/p>\n<h4>Points importants<\/h4>\n<ul>\n<li>Cet achat est un fichier num\u00e9rique pour vous permettre de crocheter cet pochon granny square au crochet. Il ne s\u2019agit pas du produit fini.<\/li>\n<li>Cet article num\u00e9rique est <strong>non remboursable et non \u00e9changeable<\/strong>.<\/li>\n<\/ul>\n<p>\u2753Si vous avez des questions, avant ou apr\u00e8s votre commande, contactez moi !<\/p>\n","protected":false},"excerpt":{"rendered":"<p><strong data-start=\"191\" data-end=\"321\">Un pochon 100 % crochet, pratique, sans couture, \u00e0 faire en un rien de temps\u2026 et parfait pour utiliser vos restes de pelotes !<\/strong><br data-start=\"321\" data-end=\"324\" \/>Granny lovers, vous allez craquer : c\u2019est rapide, color\u00e9, et on a envie d\u2019en faire pour tout le monde.<br data-start=\"428\" data-end=\"431\" \/>Id\u00e9al pour un petit cadeau fait main ou pour ranger vos essentiels du quotidien.<br data-start=\"513\" data-end=\"516\" \/>Le PDF (8 pages, 26 photos, 1 diagramme) vous accompagne \u00e0 chaque \u00e9tape.<\/p>\n<p><img decoding=\"async\" class=\"emoji\" role=\"img\" draggable=\"false\" src=\"https:\/\/s.w.org\/images\/core\/emoji\/16.0.1\/svg\/1f4e5.svg\" alt=\"\ud83d\udce5\" \/>\u00a0T\u00e9l\u00e9chargement instantan\u00e9<br data-start=\"892\" data-end=\"895\" \/><img decoding=\"async\" class=\"emoji\" role=\"img\" draggable=\"false\" src=\"https:\/\/s.w.org\/images\/core\/emoji\/16.0.1\/svg\/1f30d.svg\" alt=\"\ud83c\udf0d\" \/> Langue : Fran\u00e7ais, Anglais<br data-start=\"937\" data-end=\"940\" \/><img decoding=\"async\" class=\"emoji\" role=\"img\" draggable=\"false\" src=\"https:\/\/s.w.org\/images\/core\/emoji\/16.0.1\/svg\/1f50e.svg\" alt=\"\ud83d\udd0e\" \/>\u00a0Plus de d\u00e9tails dans l\u2019onglet Description<\/p>\n","protected":false},"featured_media":4845,"comment_status":"open","ping_status":"closed","template":"","meta":[],"product_brand":[],"product_cat":[292,289,293,62],"product_tag":[276,270],"class_list":{"0":"post-4102","1":"product","2":"type-product","3":"status-publish","4":"has-post-thumbnail","6":"product_cat-granny-square","7":"product_cat-accessoires-pochons-crochet","8":"product_cat-tous-les-patrons-crochet-pdf","9":"product_cat-modeles-de-crochet","10":"product_tag-accessoire","11":"product_tag-granny","13":"first","14":"instock","15":"featured","16":"downloadable","17":"virtual","18":"sold-individually","19":"purchasable","20":"product-type-simple"},"yoast_head":"<!-- This site is optimized with the Yoast SEO plugin v27.4 - https:\/\/yoast.com\/product\/yoast-seo-wordpress\/ -->\n<title>Patron crochet PDF - pochon granny square - Zess Crochet<\/title>\n<meta name=\"robots\" content=\"index, follow, max-snippet:-1, max-image-preview:large, max-video-preview:-1\" \/>\n<link rel=\"canonical\" href=\"https:\/\/zess.fr\/shop\/product\/tutoriel-pochon-carre-granny\/\" \/>\n<meta property=\"og:locale\" content=\"fr_FR\" \/>\n<meta property=\"og:type\" content=\"article\" \/>\n<meta property=\"og:title\" content=\"Patron crochet PDF - pochon granny square - Zess Crochet\" \/>\n<meta property=\"og:description\" content=\"Un pochon 100 % crochet, pratique, sans couture, \u00e0 faire en un rien de temps\u2026 et parfait pour utiliser vos restes de pelotes !Granny lovers, vous allez craquer : c\u2019est rapide, color\u00e9, et on a envie d\u2019en faire pour tout le monde.Id\u00e9al pour un petit cadeau fait main ou pour ranger vos essentiels du quotidien.Le PDF (8 pages, 26 photos, 1 diagramme) vous accompagne \u00e0 chaque \u00e9tape.  \u00a0T\u00e9l\u00e9chargement instantan\u00e9 Langue : Fran\u00e7ais, Anglais\u00a0Plus de d\u00e9tails dans l\u2019onglet Description\" \/>\n<meta property=\"og:url\" content=\"https:\/\/zess.fr\/shop\/product\/tutoriel-pochon-carre-granny\/\" \/>\n<meta property=\"og:site_name\" content=\"Zess Crochet\" \/>\n<meta property=\"article:modified_time\" content=\"2026-01-14T18:14:53+00:00\" \/>\n<meta property=\"og:image\" content=\"https:\/\/zess.fr\/shop\/wp-content\/uploads\/2023\/09\/IMG_1097-595x744.png\" \/>\n\t<meta property=\"og:image:width\" content=\"595\" \/>\n\t<meta property=\"og:image:height\" content=\"744\" \/>\n\t<meta property=\"og:image:type\" content=\"image\/png\" \/>\n<meta name=\"twitter:card\" content=\"summary_large_image\" \/>\n<meta name=\"twitter:label1\" content=\"Dur\u00e9e de lecture estim\u00e9e\" \/>\n\t<meta name=\"twitter:data1\" content=\"2 minutes\" \/>\n<script type=\"application\/ld+json\" class=\"yoast-schema-graph\">{\"@context\":\"https:\\\/\\\/schema.org\",\"@graph\":[{\"@type\":\"WebPage\",\"@id\":\"https:\\\/\\\/zess.fr\\\/shop\\\/product\\\/tutoriel-pochon-carre-granny\\\/\",\"url\":\"https:\\\/\\\/zess.fr\\\/shop\\\/product\\\/tutoriel-pochon-carre-granny\\\/\",\"name\":\"Patron crochet PDF - pochon granny square - Zess Crochet\",\"isPartOf\":{\"@id\":\"https:\\\/\\\/zess.fr\\\/shop\\\/#website\"},\"primaryImageOfPage\":{\"@id\":\"https:\\\/\\\/zess.fr\\\/shop\\\/product\\\/tutoriel-pochon-carre-granny\\\/#primaryimage\"},\"image\":{\"@id\":\"https:\\\/\\\/zess.fr\\\/shop\\\/product\\\/tutoriel-pochon-carre-granny\\\/#primaryimage\"},\"thumbnailUrl\":\"https:\\\/\\\/zess.fr\\\/shop\\\/wp-content\\\/uploads\\\/2023\\\/09\\\/IMG_1097.png\",\"datePublished\":\"2023-09-01T13:57:09+00:00\",\"dateModified\":\"2026-01-14T18:14:53+00:00\",\"breadcrumb\":{\"@id\":\"https:\\\/\\\/zess.fr\\\/shop\\\/product\\\/tutoriel-pochon-carre-granny\\\/#breadcrumb\"},\"inLanguage\":\"fr-FR\",\"potentialAction\":[{\"@type\":\"ReadAction\",\"target\":[\"https:\\\/\\\/zess.fr\\\/shop\\\/product\\\/tutoriel-pochon-carre-granny\\\/\"]}]},{\"@type\":\"ImageObject\",\"inLanguage\":\"fr-FR\",\"@id\":\"https:\\\/\\\/zess.fr\\\/shop\\\/product\\\/tutoriel-pochon-carre-granny\\\/#primaryimage\",\"url\":\"https:\\\/\\\/zess.fr\\\/shop\\\/wp-content\\\/uploads\\\/2023\\\/09\\\/IMG_1097.png\",\"contentUrl\":\"https:\\\/\\\/zess.fr\\\/shop\\\/wp-content\\\/uploads\\\/2023\\\/09\\\/IMG_1097.png\",\"width\":1080,\"height\":1350,\"caption\":\"Tutoriel crochet patron pochon carr\u00e9 granny petit sac\"},{\"@type\":\"BreadcrumbList\",\"@id\":\"https:\\\/\\\/zess.fr\\\/shop\\\/product\\\/tutoriel-pochon-carre-granny\\\/#breadcrumb\",\"itemListElement\":[{\"@type\":\"ListItem\",\"position\":1,\"name\":\"Zess Crochet Boutique &#8211; Tutoriels et kit crochet\",\"item\":\"https:\\\/\\\/zess.fr\\\/shop\\\/acceuil-2\\\/\"},{\"@type\":\"ListItem\",\"position\":2,\"name\":\"Tutoriels crochet\",\"item\":\"https:\\\/\\\/zess.fr\\\/shop\\\/product-category\\\/modeles-de-crochet\\\/\"},{\"@type\":\"ListItem\",\"position\":3,\"name\":\"Patron crochet PDF &#8211; pochon granny square\"}]},{\"@type\":\"WebSite\",\"@id\":\"https:\\\/\\\/zess.fr\\\/shop\\\/#website\",\"url\":\"https:\\\/\\\/zess.fr\\\/shop\\\/\",\"name\":\"Zess Crochet - Tutoriels au crochet amigurumi, poup\u00e9es et accessoires - patron num\u00e9rique PDF - livres de crochet\",\"description\":\"Tutoriels et kits crochet amigurumi et d\u00e9co\",\"potentialAction\":[{\"@type\":\"SearchAction\",\"target\":{\"@type\":\"EntryPoint\",\"urlTemplate\":\"https:\\\/\\\/zess.fr\\\/shop\\\/?s={search_term_string}\"},\"query-input\":{\"@type\":\"PropertyValueSpecification\",\"valueRequired\":true,\"valueName\":\"search_term_string\"}}],\"inLanguage\":\"fr-FR\"}]}<\/script>\n<!-- \/ Yoast SEO plugin. -->","yoast_head_json":{"title":"Patron crochet PDF - pochon granny square - Zess Crochet","robots":{"index":"index","follow":"follow","max-snippet":"max-snippet:-1","max-image-preview":"max-image-preview:large","max-video-preview":"max-video-preview:-1"},"canonical":"https:\/\/zess.fr\/shop\/product\/tutoriel-pochon-carre-granny\/","og_locale":"fr_FR","og_type":"article","og_title":"Patron crochet PDF - pochon granny square - Zess Crochet","og_description":"Un pochon 100 % crochet, pratique, sans couture, \u00e0 faire en un rien de temps\u2026 et parfait pour utiliser vos restes de pelotes !Granny lovers, vous allez craquer : c\u2019est rapide, color\u00e9, et on a envie d\u2019en faire pour tout le monde.Id\u00e9al pour un petit cadeau fait main ou pour ranger vos essentiels du quotidien.Le PDF (8 pages, 26 photos, 1 diagramme) vous accompagne \u00e0 chaque \u00e9tape.  \u00a0T\u00e9l\u00e9chargement instantan\u00e9 Langue : Fran\u00e7ais, Anglais\u00a0Plus de d\u00e9tails dans l\u2019onglet Description","og_url":"https:\/\/zess.fr\/shop\/product\/tutoriel-pochon-carre-granny\/","og_site_name":"Zess Crochet","article_modified_time":"2026-01-14T18:14:53+00:00","og_image":[{"width":595,"height":744,"url":"https:\/\/zess.fr\/shop\/wp-content\/uploads\/2023\/09\/IMG_1097-595x744.png","type":"image\/png"}],"twitter_card":"summary_large_image","twitter_misc":{"Dur\u00e9e de lecture estim\u00e9e":"2 minutes"},"schema":{"@context":"https:\/\/schema.org","@graph":[{"@type":"WebPage","@id":"https:\/\/zess.fr\/shop\/product\/tutoriel-pochon-carre-granny\/","url":"https:\/\/zess.fr\/shop\/product\/tutoriel-pochon-carre-granny\/","name":"Patron crochet PDF - pochon granny square - Zess Crochet","isPartOf":{"@id":"https:\/\/zess.fr\/shop\/#website"},"primaryImageOfPage":{"@id":"https:\/\/zess.fr\/shop\/product\/tutoriel-pochon-carre-granny\/#primaryimage"},"image":{"@id":"https:\/\/zess.fr\/shop\/product\/tutoriel-pochon-carre-granny\/#primaryimage"},"thumbnailUrl":"https:\/\/zess.fr\/shop\/wp-content\/uploads\/2023\/09\/IMG_1097.png","datePublished":"2023-09-01T13:57:09+00:00","dateModified":"2026-01-14T18:14:53+00:00","breadcrumb":{"@id":"https:\/\/zess.fr\/shop\/product\/tutoriel-pochon-carre-granny\/#breadcrumb"},"inLanguage":"fr-FR","potentialAction":[{"@type":"ReadAction","target":["https:\/\/zess.fr\/shop\/product\/tutoriel-pochon-carre-granny\/"]}]},{"@type":"ImageObject","inLanguage":"fr-FR","@id":"https:\/\/zess.fr\/shop\/product\/tutoriel-pochon-carre-granny\/#primaryimage","url":"https:\/\/zess.fr\/shop\/wp-content\/uploads\/2023\/09\/IMG_1097.png","contentUrl":"https:\/\/zess.fr\/shop\/wp-content\/uploads\/2023\/09\/IMG_1097.png","width":1080,"height":1350,"caption":"Tutoriel crochet patron pochon carr\u00e9 granny petit sac"},{"@type":"BreadcrumbList","@id":"https:\/\/zess.fr\/shop\/product\/tutoriel-pochon-carre-granny\/#breadcrumb","itemListElement":[{"@type":"ListItem","position":1,"name":"Zess Crochet Boutique &#8211; Tutoriels et kit crochet","item":"https:\/\/zess.fr\/shop\/acceuil-2\/"},{"@type":"ListItem","position":2,"name":"Tutoriels crochet","item":"https:\/\/zess.fr\/shop\/product-category\/modeles-de-crochet\/"},{"@type":"ListItem","position":3,"name":"Patron crochet PDF &#8211; pochon granny square"}]},{"@type":"WebSite","@id":"https:\/\/zess.fr\/shop\/#website","url":"https:\/\/zess.fr\/shop\/","name":"Zess Crochet - Tutoriels au crochet amigurumi, poup\u00e9es et accessoires - patron num\u00e9rique PDF - livres de crochet","description":"Tutoriels et kits crochet amigurumi et d\u00e9co","potentialAction":[{"@type":"SearchAction","target":{"@type":"EntryPoint","urlTemplate":"https:\/\/zess.fr\/shop\/?s={search_term_string}"},"query-input":{"@type":"PropertyValueSpecification","valueRequired":true,"valueName":"search_term_string"}}],"inLanguage":"fr-FR"}]}},"_links":{"self":[{"href":"https:\/\/zess.fr\/shop\/wp-json\/wp\/v2\/product\/4102","targetHints":{"allow":["GET"]}}],"collection":[{"href":"https:\/\/zess.fr\/shop\/wp-json\/wp\/v2\/product"}],"about":[{"href":"https:\/\/zess.fr\/shop\/wp-json\/wp\/v2\/types\/product"}],"replies":[{"embeddable":true,"href":"https:\/\/zess.fr\/shop\/wp-json\/wp\/v2\/comments?post=4102"}],"version-history":[{"count":6,"href":"https:\/\/zess.fr\/shop\/wp-json\/wp\/v2\/product\/4102\/revisions"}],"predecessor-version":[{"id":9656,"href":"https:\/\/zess.fr\/shop\/wp-json\/wp\/v2\/product\/4102\/revisions\/9656"}],"wp:featuredmedia":[{"embeddable":true,"href":"https:\/\/zess.fr\/shop\/wp-json\/wp\/v2\/media\/4845"}],"wp:attachment":[{"href":"https:\/\/zess.fr\/shop\/wp-json\/wp\/v2\/media?parent=4102"}],"wp:term":[{"taxonomy":"product_brand","embeddable":true,"href":"https:\/\/zess.fr\/shop\/wp-json\/wp\/v2\/product_brand?post=4102"},{"taxonomy":"product_cat","embeddable":true,"href":"https:\/\/zess.fr\/shop\/wp-json\/wp\/v2\/product_cat?post=4102"},{"taxonomy":"product_tag","embeddable":true,"href":"https:\/\/zess.fr\/shop\/wp-json\/wp\/v2\/product_tag?post=4102"}],"curies":[{"name":"wp","href":"https:\/\/api.w.org\/{rel}","templated":true}]}}