{"id":841,"date":"2020-10-28T17:46:31","date_gmt":"2020-10-28T16:46:31","guid":{"rendered":"https:\/\/zess.fr\/shop\/?page_id=841"},"modified":"2024-12-17T15:28:41","modified_gmt":"2024-12-17T14:28:41","slug":"conditions-generales-de-vente","status":"publish","type":"page","link":"https:\/\/zess.fr\/shop\/conditions-generales-de-vente\/","title":{"rendered":"Conditions g\u00e9n\u00e9rales de Vente"},"content":{"rendered":"\t\t<div data-elementor-type=\"wp-page\" data-elementor-id=\"841\" class=\"elementor elementor-841\">\n\t\t\t\t\t\t<section class=\"elementor-section elementor-top-section elementor-element elementor-element-74528b9b elementor-section-boxed elementor-section-height-default elementor-section-height-default\" data-id=\"74528b9b\" data-element_type=\"section\" data-e-type=\"section\">\n\t\t\t\t\t\t<div class=\"elementor-container elementor-column-gap-default\">\n\t\t\t\t\t<div class=\"elementor-column elementor-col-100 elementor-top-column elementor-element elementor-element-28ee4e28\" data-id=\"28ee4e28\" data-element_type=\"column\" data-e-type=\"column\">\n\t\t\t<div class=\"elementor-widget-wrap elementor-element-populated\">\n\t\t\t\t\t\t<div class=\"elementor-element elementor-element-56bb3f25 elementor-widget elementor-widget-text-editor\" data-id=\"56bb3f25\" data-element_type=\"widget\" data-e-type=\"widget\" data-widget_type=\"text-editor.default\">\n\t\t\t\t<div class=\"elementor-widget-container\">\n\t\t\t\t\t\t\t\t\t\n<p>Les pr\u00e9sentes conditions g\u00e9n\u00e9rales de vente s&rsquo;appliquent \u00e0 toutes les commandes pass\u00e9es sur le site https:\/\/www.zess.fr\/shop<\/p>\n\n<p>En confirmant votre commande, vous reconnaissez avoir pris connaissance des pr\u00e9sentes conditions g\u00e9n\u00e9rales de vente et les acceptez dans leur int\u00e9gralit\u00e9.<\/p>\n\n<p>Le site <a href=\"https:\/\/www.zess.fr\/shop\">https:\/\/www.zess.fr\/shop<\/a> se r\u00e9serve le droit de modifier ces conditions. Les conditions applicables sont alors celles en vigueur au moment de la passation de commande.<\/p>\n\n<p>Le site <a href=\"https:\/\/www.zess.fr\/shop\">https:\/\/www.zess.fr\/shop<\/a> est h\u00e9berg\u00e9 par OVH<\/p>\n\n<p>dont le si\u00e8ge social est 2 rue Kellermann &#8211; 59100 Roubaix &#8211; France<\/p>\n\n<div class=\"wp-block-spacer\" style=\"height: 38px;\" aria-hidden=\"true\">\u00a0<\/div>\n\n<h4 class=\"wp-block-heading\">TARIFS<\/h4>\n\n<p>Les prix sont en Euros, TVA non applicable, article 293 B du CGI et s&rsquo;entendent hors frais de port. Les frais de port varient en fonction du poids et du volume des produits et sont indiqu\u00e9s \u00e0 l&rsquo;acheteur lors de la validation du panier. Les frais de port sont inexistant pour les produits t\u00e9l\u00e9chargeables (PDF de tuto).<\/p>\n\n<div class=\"wp-block-spacer\" style=\"height: 38px;\" aria-hidden=\"true\">\u00a0<\/div>\n\n<h4 class=\"wp-block-heading\">MODE DE PAIEMENT<\/h4>\n\n<p>Le site www.zess.fr\/shop accepte les modes de paiement suivants :<\/p>\n\n<ul class=\"wp-block-list\">\n<li>Carte bancaire : Les paiements s&rsquo;effectuent en ligne gr\u00e2ce \u00e0 la plateforme de paiement s\u00e9curis\u00e9e Paypal. Il n&rsquo;est pas obligatoire d&rsquo;avoir un compte Paypal pour commander.<\/li>\n<li>Paypal<\/li>\n<li>Ch\u00e8que : l&rsquo;adresse o\u00f9 envoyer votre ch\u00e8que est fourni apr\u00e8s commande.<\/li>\n<li>Virement bancaire : le RIB est fourni apr\u00e8s commande.<\/li>\n<\/ul>\n\n<div class=\"wp-block-spacer\" style=\"height: 38px;\" aria-hidden=\"true\">\u00a0<\/div>\n\n<h4 class=\"wp-block-heading\">LIVRAISON<\/h4>\n\n<p>Le site www.zess.fr\/shop propose les modes de livraison suivant :<\/p>\n\n<ul class=\"wp-block-list\">\n<li>Mondial relay<\/li>\n<li>Colissimo<\/li>\n<\/ul>\n\n<p>Le vendeur www.zess.fr\/shop ne pourra pas \u00eatre tenu responsable de retard de livraison, colis perdus ou endommag\u00e9s.<\/p>\n\n<div class=\"wp-block-spacer\" style=\"height: 38px;\" aria-hidden=\"true\">\u00a0<\/div>\n\n<h4 class=\"wp-block-heading\">PROPRI\u00c9T\u00c9 INTELLECTUELLE<\/h4>\n\n<figure class=\"wp-block-table\">\n<table class=\"has-subtle-light-gray-background-color has-background\">\n<tbody>\n<tr>\n<td>Les patrons vendus sous forme de PDF sont r\u00e9serv\u00e9s \u00e0 un usage<strong> strictement priv\u00e9<\/strong>. La <strong>vente <\/strong>de doudous issus des mod\u00e8les Zess Crochet est rigoureusement <strong>interdite<\/strong> et s&rsquo;apparente \u00e0 de la contraefa\u00e7on. Aucune partie des documents des tutos (patrons) ne peut \u00eatre reproduite, revendue, traduite, <strong>modifi\u00e9e<\/strong>, partag\u00e9e ou publi\u00e9e.<\/td>\n<\/tr>\n<\/tbody>\n<\/table>\n<\/figure>\n\n<p>Tout le contenu du site, contenus textuels, photographies, vid\u00e9os sont prot\u00e9g\u00e9s au titre de la l\u00e9gislation internationale de la propri\u00e9t\u00e9 intellectuelle et ne peuvent pas \u00eatre reproduits. Merci de demander au pr\u00e9alable avant d&rsquo;utiliser une photo du site ou des r\u00e9seaux sociaux.<\/p>\n\n<div class=\"wp-block-spacer\" style=\"height: 38px;\" aria-hidden=\"true\">\u00a0<\/div>\n\n<h4 class=\"wp-block-heading\">PROTECTION DES DONN\u00c9ES PERSONNELLES<\/h4>\n\n<p>Les informations nominatives recueillies aupr\u00e8s des acheteurs sont indispensables pour le traitement et l&rsquo;acheminement des commandes. Elles sont gard\u00e9es confidentielles par le site www.zess.fr\/shop qui s&rsquo;engage \u00e0 ne pas les communiquer \u00e0 un tiers.<\/p>\n\n<div class=\"wp-block-spacer\" style=\"height: 38px;\" aria-hidden=\"true\">\u00a0<\/div>\n\n<p>DROIT DE R\u00c9TRACTATION<\/p>\n\n<p>Conform\u00e9ment aux dispositions de l&rsquo;article L 121-20 du Code de la consommation, vous disposez d&rsquo;un d\u00e9lai de 14 jours pour nous retourner votre commande en tout ou partie, \u00e0 compter du jour de la r\u00e9ception du colis par un tiers d\u00e9sign\u00e9 par vous ou par vous-m\u00eame.<\/p>\n\n<p>A l\u2019issue du d\u00e9lai de 14 jours, vous ne pouvez plus retourner de produit et votre demande de r\u00e9tractation sera refus\u00e9e.<\/p>\n\n<p>Le produit devra obligatoirement \u00eatre retourn\u00e9 en parfait \u00e9tat.<\/p>\n\n<p>Pour exercer votre droit de r\u00e9tractation, il vous suffit de nous en informer au pr\u00e9alable via la rubrique CONTACT de www.zess.fr\/shop. Les frais de port pour le renvoi de votre colis restent \u00e0 votre charge.<\/p>\n\n<p>Le droit de r\u00e9tractation ne peut pas \u00eatre exerc\u00e9 pour les produits t\u00e9l\u00e9chargeables et les produits personnalis\u00e9s.<\/p>\n\n<div class=\"wp-block-spacer\" style=\"height: 38px;\" aria-hidden=\"true\">\u00a0<\/div>\n\n<h4 class=\"wp-block-heading\">MENTIONS L\u00c9GALES<\/h4>\n\n<p>SIRET : 83828434700013<\/p>\n\n<p>\u00a0<\/p>\n\n<p>Jessica H. Pseudo ZESS<\/p>\n\n<div class=\"wp-block-spacer\" style=\"height: 38px;\" aria-hidden=\"true\">\u00a0<\/div>\n\n<p>\u00a0<\/p>\n\n<p>Email : contact@zess.fr<\/p>\n\n<div class=\"wp-block-spacer\" style=\"height: 38px;\" aria-hidden=\"true\">\u00a0<\/div>\n\n<p>\u00a0<\/p>\n\t\t\t\t\t\t\t\t<\/div>\n\t\t\t\t<\/div>\n\t\t\t\t\t<\/div>\n\t\t<\/div>\n\t\t\t\t\t<\/div>\n\t\t<\/section>\n\t\t\t\t<\/div>\n\t\t","protected":false},"excerpt":{"rendered":"<p>Les pr\u00e9sentes conditions g\u00e9n\u00e9rales de vente s&rsquo;appliquent \u00e0 toutes les commandes pass\u00e9es sur le site https:\/\/www.zess.fr\/shop En confirmant votre commande, vous reconnaissez avoir pris connaissance des pr\u00e9sentes conditions g\u00e9n\u00e9rales de vente et les acceptez dans leur int\u00e9gralit\u00e9. Le site https:\/\/www.zess.fr\/shop se r\u00e9serve le droit de modifier ces conditions. Les conditions applicables sont alors celles en [&hellip;]<\/p>\n","protected":false},"author":1,"featured_media":0,"parent":0,"menu_order":0,"comment_status":"closed","ping_status":"closed","template":"","meta":{"footnotes":""},"class_list":["post-841","page","type-page","status-publish","hentry"],"yoast_head":"<!-- This site is optimized with the Yoast SEO plugin v27.3 - https:\/\/yoast.com\/product\/yoast-seo-wordpress\/ -->\n<title>Conditions g\u00e9n\u00e9rales de Vente - Zess Crochet<\/title>\n<meta name=\"robots\" content=\"index, follow, max-snippet:-1, max-image-preview:large, max-video-preview:-1\" \/>\n<link rel=\"canonical\" href=\"https:\/\/zess.fr\/shop\/conditions-generales-de-vente\/\" \/>\n<meta property=\"og:locale\" content=\"fr_FR\" \/>\n<meta property=\"og:type\" content=\"article\" \/>\n<meta property=\"og:title\" content=\"Conditions g\u00e9n\u00e9rales de Vente - Zess Crochet\" \/>\n<meta property=\"og:description\" content=\"Les pr\u00e9sentes conditions g\u00e9n\u00e9rales de vente s&rsquo;appliquent \u00e0 toutes les commandes pass\u00e9es sur le site https:\/\/www.zess.fr\/shop En confirmant votre commande, vous reconnaissez avoir pris connaissance des pr\u00e9sentes conditions g\u00e9n\u00e9rales de vente et les acceptez dans leur int\u00e9gralit\u00e9. Le site https:\/\/www.zess.fr\/shop se r\u00e9serve le droit de modifier ces conditions. Les conditions applicables sont alors celles en [&hellip;]\" \/>\n<meta property=\"og:url\" content=\"https:\/\/zess.fr\/shop\/conditions-generales-de-vente\/\" \/>\n<meta property=\"og:site_name\" content=\"Zess Crochet\" \/>\n<meta property=\"article:modified_time\" content=\"2024-12-17T14:28:41+00:00\" \/>\n<meta name=\"twitter:card\" content=\"summary_large_image\" \/>\n<meta name=\"twitter:label1\" content=\"Dur\u00e9e de lecture estim\u00e9e\" \/>\n\t<meta name=\"twitter:data1\" content=\"3 minutes\" \/>\n<script type=\"application\/ld+json\" class=\"yoast-schema-graph\">{\"@context\":\"https:\\\/\\\/schema.org\",\"@graph\":[{\"@type\":\"WebPage\",\"@id\":\"https:\\\/\\\/zess.fr\\\/shop\\\/conditions-generales-de-vente\\\/\",\"url\":\"https:\\\/\\\/zess.fr\\\/shop\\\/conditions-generales-de-vente\\\/\",\"name\":\"Conditions g\u00e9n\u00e9rales de Vente - Zess Crochet\",\"isPartOf\":{\"@id\":\"https:\\\/\\\/zess.fr\\\/shop\\\/#website\"},\"datePublished\":\"2020-10-28T16:46:31+00:00\",\"dateModified\":\"2024-12-17T14:28:41+00:00\",\"inLanguage\":\"fr-FR\",\"potentialAction\":[{\"@type\":\"ReadAction\",\"target\":[\"https:\\\/\\\/zess.fr\\\/shop\\\/conditions-generales-de-vente\\\/\"]}]},{\"@type\":\"WebSite\",\"@id\":\"https:\\\/\\\/zess.fr\\\/shop\\\/#website\",\"url\":\"https:\\\/\\\/zess.fr\\\/shop\\\/\",\"name\":\"Zess Crochet - Tutoriels au crochet amigurumi, poup\u00e9es et accessoires - patron num\u00e9rique PDF - livres de crochet\",\"description\":\"Tutoriels et kits crochet amigurumi et d\u00e9co\",\"potentialAction\":[{\"@type\":\"SearchAction\",\"target\":{\"@type\":\"EntryPoint\",\"urlTemplate\":\"https:\\\/\\\/zess.fr\\\/shop\\\/?s={search_term_string}\"},\"query-input\":{\"@type\":\"PropertyValueSpecification\",\"valueRequired\":true,\"valueName\":\"search_term_string\"}}],\"inLanguage\":\"fr-FR\"}]}<\/script>\n<!-- \/ Yoast SEO plugin. -->","yoast_head_json":{"title":"Conditions g\u00e9n\u00e9rales de Vente - Zess Crochet","robots":{"index":"index","follow":"follow","max-snippet":"max-snippet:-1","max-image-preview":"max-image-preview:large","max-video-preview":"max-video-preview:-1"},"canonical":"https:\/\/zess.fr\/shop\/conditions-generales-de-vente\/","og_locale":"fr_FR","og_type":"article","og_title":"Conditions g\u00e9n\u00e9rales de Vente - Zess Crochet","og_description":"Les pr\u00e9sentes conditions g\u00e9n\u00e9rales de vente s&rsquo;appliquent \u00e0 toutes les commandes pass\u00e9es sur le site https:\/\/www.zess.fr\/shop En confirmant votre commande, vous reconnaissez avoir pris connaissance des pr\u00e9sentes conditions g\u00e9n\u00e9rales de vente et les acceptez dans leur int\u00e9gralit\u00e9. Le site https:\/\/www.zess.fr\/shop se r\u00e9serve le droit de modifier ces conditions. Les conditions applicables sont alors celles en [&hellip;]","og_url":"https:\/\/zess.fr\/shop\/conditions-generales-de-vente\/","og_site_name":"Zess Crochet","article_modified_time":"2024-12-17T14:28:41+00:00","twitter_card":"summary_large_image","twitter_misc":{"Dur\u00e9e de lecture estim\u00e9e":"3 minutes"},"schema":{"@context":"https:\/\/schema.org","@graph":[{"@type":"WebPage","@id":"https:\/\/zess.fr\/shop\/conditions-generales-de-vente\/","url":"https:\/\/zess.fr\/shop\/conditions-generales-de-vente\/","name":"Conditions g\u00e9n\u00e9rales de Vente - Zess Crochet","isPartOf":{"@id":"https:\/\/zess.fr\/shop\/#website"},"datePublished":"2020-10-28T16:46:31+00:00","dateModified":"2024-12-17T14:28:41+00:00","inLanguage":"fr-FR","potentialAction":[{"@type":"ReadAction","target":["https:\/\/zess.fr\/shop\/conditions-generales-de-vente\/"]}]},{"@type":"WebSite","@id":"https:\/\/zess.fr\/shop\/#website","url":"https:\/\/zess.fr\/shop\/","name":"Zess Crochet - Tutoriels au crochet amigurumi, poup\u00e9es et accessoires - patron num\u00e9rique PDF - livres de crochet","description":"Tutoriels et kits crochet amigurumi et d\u00e9co","potentialAction":[{"@type":"SearchAction","target":{"@type":"EntryPoint","urlTemplate":"https:\/\/zess.fr\/shop\/?s={search_term_string}"},"query-input":{"@type":"PropertyValueSpecification","valueRequired":true,"valueName":"search_term_string"}}],"inLanguage":"fr-FR"}]}},"_links":{"self":[{"href":"https:\/\/zess.fr\/shop\/wp-json\/wp\/v2\/pages\/841","targetHints":{"allow":["GET"]}}],"collection":[{"href":"https:\/\/zess.fr\/shop\/wp-json\/wp\/v2\/pages"}],"about":[{"href":"https:\/\/zess.fr\/shop\/wp-json\/wp\/v2\/types\/page"}],"author":[{"embeddable":true,"href":"https:\/\/zess.fr\/shop\/wp-json\/wp\/v2\/users\/1"}],"replies":[{"embeddable":true,"href":"https:\/\/zess.fr\/shop\/wp-json\/wp\/v2\/comments?post=841"}],"version-history":[{"count":0,"href":"https:\/\/zess.fr\/shop\/wp-json\/wp\/v2\/pages\/841\/revisions"}],"wp:attachment":[{"href":"https:\/\/zess.fr\/shop\/wp-json\/wp\/v2\/media?parent=841"}],"curies":[{"name":"wp","href":"https:\/\/api.w.org\/{rel}","templated":true}]}}